Last updated on 2024-05-11 12:48:06 CEST.
Flavor | Version | Tinstall | Tcheck | Ttotal | Status | Flags |
---|---|---|---|---|---|---|
r-devel-linux-x86_64-debian-clang | 1.6 | 10.06 | 1102.81 | 1112.87 | OK | |
r-devel-linux-x86_64-debian-gcc | 1.6 | 6.72 | 765.69 | 772.41 | OK | |
r-devel-linux-x86_64-fedora-clang | 1.6 | 1384.78 | NOTE | |||
r-devel-linux-x86_64-fedora-gcc | 1.6 | 1318.24 | NOTE | |||
r-devel-windows-x86_64 | 1.6 | 9.00 | 585.00 | 594.00 | OK | |
r-patched-linux-x86_64 | 1.6 | 6.32 | 1082.03 | 1088.35 | OK | |
r-release-linux-x86_64 | 1.6 | 5.47 | 1072.38 | 1077.85 | OK | |
r-release-macos-arm64 | 1.6 | 269.00 | OK | |||
r-release-windows-x86_64 | 1.6 | 9.00 | 585.00 | 594.00 | OK | |
r-oldrel-macos-arm64 | 1.6 | 298.00 | OK | |||
r-oldrel-macos-x86_64 | 1.6 | 572.00 | OK | |||
r-oldrel-windows-x86_64 | 1.6 | 10.00 | 882.00 | 892.00 | OK |
Version: 1.6
Check: dependencies in R code
Result: NOTE
Namespace in Imports field not imported from: ‘testthat’
All declared Imports should be used.
Flavors: r-devel-linux-x86_64-fedora-clang, r-devel-linux-x86_64-fedora-gcc