Last updated on 2024-05-11 12:48:02 CEST.
Flavor | Version | Tinstall | Tcheck | Ttotal | Status | Flags |
---|---|---|---|---|---|---|
r-devel-linux-x86_64-debian-clang | 2.0.1 | 11.46 | 117.46 | 128.92 | OK | |
r-devel-linux-x86_64-debian-gcc | 2.0.1 | 10.14 | 87.41 | 97.55 | OK | |
r-devel-linux-x86_64-fedora-clang | 2.0.1 | 162.85 | NOTE | |||
r-devel-linux-x86_64-fedora-gcc | 2.0.1 | 167.97 | OK | |||
r-devel-windows-x86_64 | 2.0.1 | 11.00 | 121.00 | 132.00 | OK | |
r-patched-linux-x86_64 | 2.0.1 | 11.61 | 111.91 | 123.52 | OK | |
r-release-linux-x86_64 | 2.0.1 | 13.37 | 111.36 | 124.73 | OK | |
r-release-macos-arm64 | 2.0.1 | 51.00 | OK | |||
r-release-windows-x86_64 | 2.0.1 | 12.00 | 117.00 | 129.00 | OK | |
r-oldrel-macos-arm64 | 2.0.1 | 64.00 | OK | |||
r-oldrel-macos-x86_64 | 2.0.1 | 91.00 | OK | |||
r-oldrel-windows-x86_64 | 2.0.1 | 16.00 | 137.00 | 153.00 | OK |
Version: 2.0.1
Check: Rd cross-references
Result: NOTE
Undeclared package ‘genalg’ in Rd xrefs
Flavor: r-devel-linux-x86_64-fedora-clang