Last updated on 2024-05-12 13:57:08 CEST.
Flavor | Version | Tinstall | Tcheck | Ttotal | Status | Flags |
---|---|---|---|---|---|---|
r-devel-linux-x86_64-debian-clang | 0.1.20 | 24.22 | 41.27 | 65.49 | NOTE | |
r-devel-linux-x86_64-debian-gcc | 0.1.20 | 30.17 | 31.55 | 61.72 | NOTE | |
r-devel-linux-x86_64-fedora-clang | 0.1.20 | 83.96 | NOTE | |||
r-devel-linux-x86_64-fedora-gcc | 0.1.20 | 130.34 | NOTE | |||
r-devel-windows-x86_64 | 0.1.20 | 27.00 | 63.00 | 90.00 | NOTE | |
r-patched-linux-x86_64 | 0.1.20 | 37.84 | 40.15 | 77.99 | OK | |
r-release-linux-x86_64 | 0.1.20 | 38.90 | 38.71 | 77.61 | OK | |
r-release-macos-arm64 | 0.1.20 | 51.00 | OK | |||
r-release-macos-x86_64 | 0.1.20 | 121.00 | OK | |||
r-release-windows-x86_64 | 0.1.20 | 28.00 | 62.00 | 90.00 | OK | |
r-oldrel-macos-arm64 | 0.1.20 | 44.00 | OK | |||
r-oldrel-macos-x86_64 | 0.1.20 | 112.00 | OK | |||
r-oldrel-windows-x86_64 | 0.1.20 | 27.00 | 63.00 | 90.00 | OK |
Version: 0.1.20
Check: compiled code
Result: NOTE
File ‘yyjsonr/libs/yyjsonr.so’:
Found non-API calls to R: ‘SETLENGTH’, ‘SET_TRUELENGTH’
Compiled code should not call non-API entry points in R.
See ‘Writing portable packages’ in the ‘Writing R Extensions’ manual.
Flavors: r-devel-linux-x86_64-debian-clang, r-devel-linux-x86_64-debian-gcc, r-devel-linux-x86_64-fedora-clang, r-devel-linux-x86_64-fedora-gcc
Version: 0.1.20
Check: compiled code
Result: NOTE
File 'yyjsonr/libs/x64/yyjsonr.dll':
Found non-API calls to R: 'SETLENGTH', 'SET_TRUELENGTH'
Compiled code should not call non-API entry points in R.
See 'Writing portable packages' in the 'Writing R Extensions' manual.
Flavor: r-devel-windows-x86_64