Last updated on 2025-11-04 07:50:13 CET.
| Flavor | Version | Tinstall | Tcheck | Ttotal | Status | Flags | 
|---|---|---|---|---|---|---|
| r-devel-linux-x86_64-debian-clang | 1.15.30 | 139.68 | 221.98 | 361.66 | OK | |
| r-devel-linux-x86_64-debian-gcc | 1.15.30 | 106.04 | 139.88 | 245.92 | OK | |
| r-devel-linux-x86_64-fedora-clang | 1.15.30 | 267.00 | 309.18 | 576.18 | OK | |
| r-devel-linux-x86_64-fedora-gcc | 1.15.30 | 321.00 | 256.87 | 577.87 | OK | |
| r-devel-windows-x86_64 | 1.15.30 | 162.00 | 263.00 | 425.00 | OK | |
| r-patched-linux-x86_64 | 1.15.30 | 157.37 | 212.99 | 370.36 | OK | |
| r-release-linux-x86_64 | 1.15.30 | 143.11 | 212.14 | 355.25 | OK | |
| r-release-macos-arm64 | 1.15.30 | 53.00 | 83.00 | 136.00 | OK | |
| r-release-macos-x86_64 | 1.15.30 | 67.00 | 172.00 | 239.00 | OK | |
| r-release-windows-x86_64 | 1.15.30 | 163.00 | 267.00 | 430.00 | OK | |
| r-oldrel-macos-arm64 | 1.15.30 | 50.00 | 90.00 | 140.00 | NOTE | |
| r-oldrel-macos-x86_64 | 1.15.30 | 80.00 | 170.00 | 250.00 | NOTE | |
| r-oldrel-windows-x86_64 | 1.15.30 | 201.00 | 358.00 | 559.00 | OK | 
Version: 1.15.30
Check: installed package size
Result: NOTE
    installed size is 11.6Mb
    sub-directories of 1Mb or more:
      R      3.1Mb
      libs   7.4Mb
Flavors: r-oldrel-macos-arm64, r-oldrel-macos-x86_64