Last updated on 2025-11-16 07:49:55 CET.
| Flavor | Version | Tinstall | Tcheck | Ttotal | Status | Flags |
|---|---|---|---|---|---|---|
| r-devel-linux-x86_64-debian-clang | 1.2.0 | 37.45 | 135.58 | 173.03 | OK | |
| r-devel-linux-x86_64-debian-gcc | 1.2.0 | 30.30 | 98.82 | 129.12 | NOTE | |
| r-devel-linux-x86_64-fedora-clang | 1.2.0 | 85.00 | 223.47 | 308.47 | OK | |
| r-devel-linux-x86_64-fedora-gcc | 1.2.0 | 82.00 | 231.96 | 313.96 | OK | |
| r-devel-windows-x86_64 | 1.2.0 | 104.00 | 299.00 | 403.00 | OK | |
| r-patched-linux-x86_64 | 1.2.0 | 38.63 | 132.61 | 171.24 | OK | |
| r-release-linux-x86_64 | 1.2.0 | 38.00 | 132.65 | 170.65 | OK | |
| r-release-macos-arm64 | 1.2.0 | 17.00 | 70.00 | 87.00 | OK | |
| r-release-macos-x86_64 | 1.2.0 | 31.00 | 194.00 | 225.00 | OK | |
| r-release-windows-x86_64 | 1.2.0 | 47.00 | 293.00 | 340.00 | OK | |
| r-oldrel-macos-arm64 | 1.2.0 | 18.00 | 68.00 | 86.00 | OK | |
| r-oldrel-macos-x86_64 | 1.2.0 | 29.00 | 172.00 | 201.00 | OK | |
| r-oldrel-windows-x86_64 | 1.2.0 | 49.00 | 344.00 | 393.00 | OK |
Version: 1.2.0
Check: CRAN incoming feasibility
Result: NOTE
Maintainer: ‘Michael C Sachs <sachsmc@gmail.com>’
The BugReports field in DESCRIPTION has
https://github.com/sachsmc/xactonomial/issues/
which should likely be
https://github.com/sachsmc/xactonomial/issues/issues
instead.
Flavor: r-devel-linux-x86_64-debian-gcc