Last updated on 2025-06-30 15:49:54 CEST.
Flavor | Version | Tinstall | Tcheck | Ttotal | Status | Flags |
---|---|---|---|---|---|---|
r-devel-linux-x86_64-debian-clang | 1.1.1 | 11.92 | 29.65 | 41.57 | OK | |
r-devel-linux-x86_64-debian-gcc | 1.1.1 | 8.43 | 23.08 | 31.51 | OK | |
r-devel-linux-x86_64-fedora-clang | 1.1.1 | 68.72 | OK | |||
r-devel-linux-x86_64-fedora-gcc | 1.1.1 | 69.03 | OK | |||
r-devel-windows-x86_64 | 1.1.1 | 15.00 | 63.00 | 78.00 | OK | |
r-patched-linux-x86_64 | OK | |||||
r-release-linux-x86_64 | 1.1.1 | 11.69 | 27.18 | 38.87 | OK | |
r-release-macos-arm64 | 1.1.1 | 24.00 | OK | |||
r-release-macos-x86_64 | 1.1.1 | 40.00 | OK | |||
r-release-windows-x86_64 | 1.1.1 | 17.00 | 65.00 | 82.00 | OK | |
r-oldrel-macos-arm64 | 1.1.1 | 24.00 | NOTE | |||
r-oldrel-macos-x86_64 | 1.1.1 | 33.00 | NOTE | |||
r-oldrel-windows-x86_64 | 1.1.1 | 20.00 | 75.00 | 95.00 | NOTE |
Version: 1.1.1
Check: LazyData
Result: NOTE
'LazyData' is specified without a 'data' directory
Flavors: r-oldrel-macos-arm64, r-oldrel-macos-x86_64, r-oldrel-windows-x86_64