CRAN Package Check Results for Package woe

Last updated on 2025-11-16 07:49:55 CET.

Flavor Version Tinstall Tcheck Ttotal Status Flags
r-devel-linux-x86_64-debian-clang 0.2 1.72 18.27 19.99 NOTE
r-devel-linux-x86_64-debian-gcc 0.2 1.44 14.64 16.08 NOTE
r-devel-linux-x86_64-fedora-clang 0.2 29.51 OK
r-devel-linux-x86_64-fedora-gcc 0.2 27.41 OK
r-devel-windows-x86_64 0.2 3.00 32.00 35.00 OK
r-patched-linux-x86_64 0.2 1.69 17.12 18.81 OK
r-release-linux-x86_64 0.2 1.72 17.07 18.79 OK
r-release-macos-arm64 0.2 1.00 13.00 14.00 OK
r-release-macos-x86_64 0.2 2.00 21.00 23.00 OK
r-release-windows-x86_64 0.2 2.00 34.00 36.00 OK
r-oldrel-macos-arm64 0.2 1.00 12.00 13.00 OK
r-oldrel-macos-x86_64 0.2 1.00 17.00 18.00 OK
r-oldrel-windows-x86_64 0.2 2.00 34.00 36.00 OK

Check Details

Version: 0.2
Check: CRAN incoming feasibility
Result: NOTE Maintainer: ‘Sudarson Mothilal Thoppay <sudarson@outlook.com>’ No Authors@R field in DESCRIPTION. Please add one, modifying Authors@R: person(given = c("Sudarson", "Mothilal"), family = "Thoppay", role = c("aut", "cre"), email = "sudarson@outlook.com") as necessary. Flavors: r-devel-linux-x86_64-debian-clang, r-devel-linux-x86_64-debian-gcc