Last updated on 2025-11-24 07:50:19 CET.
| Flavor | Version | Tinstall | Tcheck | Ttotal | Status | Flags |
|---|---|---|---|---|---|---|
| r-devel-linux-x86_64-debian-clang | 0.3.1 | 11.83 | 712.66 | 724.49 | OK | |
| r-devel-linux-x86_64-debian-gcc | 0.3.1 | 7.98 | 499.75 | 507.73 | OK | |
| r-devel-linux-x86_64-fedora-clang | 0.3.1 | 25.00 | 1107.76 | 1132.76 | OK | |
| r-devel-linux-x86_64-fedora-gcc | 0.3.1 | 22.00 | 1083.95 | 1105.95 | OK | |
| r-devel-windows-x86_64 | 0.3.1 | 15.00 | 603.00 | 618.00 | OK | |
| r-patched-linux-x86_64 | 0.3.1 | 12.27 | 696.42 | 708.69 | OK | |
| r-release-linux-x86_64 | 0.3.1 | 9.50 | 690.89 | 700.39 | OK | |
| r-release-macos-arm64 | 0.3.1 | OK | ||||
| r-release-macos-x86_64 | 0.3.1 | 10.00 | 106.00 | 116.00 | OK | |
| r-release-windows-x86_64 | 0.3.1 | 16.00 | 795.00 | 811.00 | OK | |
| r-oldrel-macos-arm64 | 0.3.1 | OK | ||||
| r-oldrel-macos-x86_64 | 0.3.1 | 8.00 | 92.00 | 100.00 | OK | |
| r-oldrel-windows-x86_64 | 0.3.1 | 18.00 | 802.00 | 820.00 | ERROR |
Version: 0.3.1
Check: tests
Result: ERROR
Running 'testthat.R' [12m]
Running the tests in 'tests/testthat.R' failed.
Complete output:
> # This file is part of the standard setup for testthat.
> # It is recommended that you do not modify it.
> #
> # Where should you do additional test configuration?
> # Learn more about the roles of various files in:
> # * https://r-pkgs.org/testing-design.html#sec-tests-files-overview
> # * https://testthat.r-lib.org/articles/special-files.html
>
> library(testthat)
> library(whirl)
>
> test_check("whirl")
Saving _problems/test-mdformats-35.R
[ FAIL 1 | WARN 0 | SKIP 15 | PASS 150 ]
══ Skipped tests (15) ══════════════════════════════════════════════════════════
• On CRAN (15): 'test-biocompute.R:1:1', 'test-custom_logging.R:19:1',
'test-examples.R:1:1', 'test-python.R:2:3', 'test-python.R:44:3',
'test-run.R:33:3', 'test-run.R:76:3', 'test-run.R:87:3', 'test-run.R:95:3',
'test-run.R:112:3', 'test-run.R:134:3', 'test-run.R:151:3',
'test-strace.R:42:3', 'test-util_queue_summary.R:11:3',
'test-whirl_queue.R:1:1'
══ Failed tests ════════════════════════════════════════════════════════════════
── Failure ('test-mdformats.R:29:3'): pandoc works ─────────────────────────────
Expected `all(...)` to be TRUE.
Differences:
`actual`: FALSE
`expected`: TRUE
[ FAIL 1 | WARN 0 | SKIP 15 | PASS 150 ]
Error:
! Test failures.
Execution halted
Flavor: r-oldrel-windows-x86_64