Last updated on 2024-05-12 13:57:08 CEST.
Flavor | Version | Tinstall | Tcheck | Ttotal | Status | Flags |
---|---|---|---|---|---|---|
r-devel-linux-x86_64-debian-clang | 1.0.0 | 52.39 | 33.67 | 86.06 | OK | |
r-devel-linux-x86_64-debian-gcc | 1.0.0 | 37.18 | 27.39 | 64.57 | OK | |
r-devel-linux-x86_64-fedora-clang | 1.0.0 | 116.33 | OK | |||
r-devel-linux-x86_64-fedora-gcc | 1.0.0 | 164.51 | OK | |||
r-devel-windows-x86_64 | 1.0.0 | 39.00 | 73.00 | 112.00 | OK | |
r-patched-linux-x86_64 | 1.0.0 | 47.08 | 33.54 | 80.62 | OK | |
r-release-linux-x86_64 | 1.0.0 | 45.33 | 33.11 | 78.44 | OK | |
r-release-macos-arm64 | 1.0.0 | 33.00 | NOTE | |||
r-release-windows-x86_64 | 1.0.0 | 39.00 | 74.00 | 113.00 | OK | |
r-oldrel-macos-arm64 | 1.0.0 | 36.00 | NOTE | |||
r-oldrel-macos-x86_64 | 1.0.0 | 51.00 | NOTE | |||
r-oldrel-windows-x86_64 | 1.0.0 | 47.00 | 76.00 | 123.00 | OK |
Version: 1.0.0
Check: installed package size
Result: NOTE
installed size is 5.3Mb
sub-directories of 1Mb or more:
libs 5.2Mb
Flavors: r-release-macos-arm64, r-oldrel-macos-arm64, r-oldrel-macos-x86_64