Last updated on 2025-11-24 07:50:19 CET.
| Flavor | Version | Tinstall | Tcheck | Ttotal | Status | Flags |
|---|---|---|---|---|---|---|
| r-devel-linux-x86_64-debian-clang | 1.8.5 | 9.63 | 67.02 | 76.65 | NOTE | |
| r-devel-linux-x86_64-debian-gcc | 1.8.5 | 7.69 | 47.35 | 55.04 | NOTE | |
| r-devel-linux-x86_64-fedora-clang | 1.8.5 | 21.00 | 96.26 | 117.26 | OK | |
| r-devel-linux-x86_64-fedora-gcc | 1.8.5 | 21.00 | 86.81 | 107.81 | OK | |
| r-devel-windows-x86_64 | 1.8.5 | 21.00 | 88.00 | 109.00 | OK | |
| r-patched-linux-x86_64 | 1.8.5 | 11.26 | 62.03 | 73.29 | OK | |
| r-release-linux-x86_64 | 1.8.5 | 9.33 | 61.21 | 70.54 | OK | |
| r-release-macos-arm64 | 1.8.5 | OK | ||||
| r-release-macos-x86_64 | 1.8.5 | 10.00 | 56.00 | 66.00 | OK | |
| r-release-windows-x86_64 | 1.8.5 | 20.00 | 112.00 | 132.00 | OK | |
| r-oldrel-macos-arm64 | 1.8.5 | OK | ||||
| r-oldrel-macos-x86_64 | 1.8.5 | 13.00 | 58.00 | 71.00 | OK | |
| r-oldrel-windows-x86_64 | 1.8.5 | 21.00 | 106.00 | 127.00 | OK |
Version: 1.8.5
Check: CRAN incoming feasibility
Result: NOTE
Maintainer: ‘Brandon Whitcher <bwhitcher@gmail.com>’
No Authors@R field in DESCRIPTION.
Please add one, modifying
Authors@R: person(given = "Brandon",
family = "Whitcher",
role = c("aut", "cre"),
email = "bwhitcher@gmail.com")
as necessary.
Flavors: r-devel-linux-x86_64-debian-clang, r-devel-linux-x86_64-debian-gcc