Last updated on 2025-11-04 07:50:12 CET.
| Flavor | Version | Tinstall | Tcheck | Ttotal | Status | Flags | 
|---|---|---|---|---|---|---|
| r-devel-linux-x86_64-debian-clang | 1.0.10 | 8.96 | 92.98 | 101.94 | NOTE | |
| r-devel-linux-x86_64-debian-gcc | 1.0.10 | 5.76 | 69.99 | 75.75 | NOTE | |
| r-devel-linux-x86_64-fedora-clang | 1.0.10 | 18.00 | 140.33 | 158.33 | OK | |
| r-devel-linux-x86_64-fedora-gcc | 1.0.10 | 17.00 | 133.47 | 150.47 | OK | |
| r-devel-windows-x86_64 | 1.0.10 | 9.00 | 100.00 | 109.00 | OK | |
| r-patched-linux-x86_64 | 1.0.10 | 8.37 | 88.19 | 96.56 | OK | |
| r-release-linux-x86_64 | 1.0.10 | 9.43 | 90.41 | 99.84 | OK | |
| r-release-macos-arm64 | 1.0.10 | 4.00 | 47.00 | 51.00 | OK | |
| r-release-macos-x86_64 | 1.0.10 | 7.00 | 74.00 | 81.00 | OK | |
| r-release-windows-x86_64 | 1.0.10 | 10.00 | 96.00 | 106.00 | OK | |
| r-oldrel-macos-arm64 | 1.0.10 | 4.00 | 43.00 | 47.00 | OK | |
| r-oldrel-macos-x86_64 | 1.0.10 | 6.00 | 77.00 | 83.00 | OK | |
| r-oldrel-windows-x86_64 | 1.0.10 | 13.00 | 119.00 | 132.00 | OK | 
Version: 1.0.10
Check: CRAN incoming feasibility
Result: NOTE
  Maintainer: ‘Paul F. Blanche <paulfblanche@gmail.com>’
  
  No Authors@R field in DESCRIPTION.
  Please add one, modifying
    Authors@R: c(person(given = c("Paul", "F"),
                        family = "Blanche",
                        role = "aut",
                        email = "paulfblanche@gmail.com"),
                 person(given = c("Thomas", "A."),
                        family = "Gerds",
                        role = "aut",
                        email = "tag@biostat.ku.dk"),
                 person(given = c("Paul", "F."),
                        family = "Blanche",
                        role = "cre",
                        email = "paulfblanche@gmail.com"))
  as necessary.
Flavors: r-devel-linux-x86_64-debian-clang, r-devel-linux-x86_64-debian-gcc