Last updated on 2025-11-04 07:50:12 CET.
| Flavor | Version | Tinstall | Tcheck | Ttotal | Status | Flags | 
|---|---|---|---|---|---|---|
| r-devel-linux-x86_64-debian-clang | 1.0.3 | 14.40 | 327.68 | 342.08 | OK | |
| r-devel-linux-x86_64-debian-gcc | 1.0.3 | 9.86 | 208.28 | 218.14 | OK | |
| r-devel-linux-x86_64-fedora-clang | 1.0.3 | 58.00 | 481.35 | 539.35 | OK | |
| r-devel-linux-x86_64-fedora-gcc | 1.0.3 | 27.00 | 497.62 | 524.62 | OK | |
| r-devel-windows-x86_64 | 1.0.3 | 16.00 | 273.00 | 289.00 | OK | |
| r-patched-linux-x86_64 | 1.0.3 | 13.03 | 312.77 | 325.80 | OK | |
| r-release-linux-x86_64 | 1.0.3 | 12.60 | 306.65 | 319.25 | OK | |
| r-release-macos-arm64 | 1.0.3 | 7.00 | 164.00 | 171.00 | OK | |
| r-release-macos-x86_64 | 1.0.3 | 15.00 | 288.00 | 303.00 | OK | |
| r-release-windows-x86_64 | 1.0.3 | 14.00 | 375.00 | 389.00 | OK | |
| r-oldrel-macos-arm64 | 1.0.3 | 6.00 | 136.00 | 142.00 | NOTE | |
| r-oldrel-macos-x86_64 | 1.0.3 | 11.00 | 292.00 | 303.00 | NOTE | |
| r-oldrel-windows-x86_64 | 1.0.3 | 21.00 | 373.00 | 394.00 | OK | 
Version: 1.0.3
Check: package dependencies
Result: NOTE
  Package suggested but not available for checking: ‘INLA’
Flavors: r-oldrel-macos-arm64, r-oldrel-macos-x86_64
Version: 1.0.3
Check: Rd cross-references
Result: NOTE
  Package unavailable to check Rd xrefs: ‘INLA’
Flavors: r-oldrel-macos-arm64, r-oldrel-macos-x86_64