Last updated on 2024-05-07 13:52:25 CEST.
Flavor | Version | Tinstall | Tcheck | Ttotal | Status | Flags |
---|---|---|---|---|---|---|
r-devel-linux-x86_64-debian-clang | 1.2.4 | 10.89 | 98.44 | 109.33 | OK | |
r-devel-linux-x86_64-debian-gcc | 1.2.4 | 6.25 | 73.05 | 79.30 | OK | |
r-devel-linux-x86_64-fedora-clang | 1.2.4 | 137.53 | NOTE | |||
r-devel-linux-x86_64-fedora-gcc | 1.2.4 | 197.05 | OK | |||
r-devel-windows-x86_64 | 1.2.4 | 9.00 | 91.00 | 100.00 | NOTE | |
r-patched-linux-x86_64 | 1.2.4 | 6.18 | 95.18 | 101.36 | OK | |
r-release-linux-x86_64 | 1.2.4 | 5.91 | 93.00 | 98.91 | OK | |
r-release-macos-arm64 | 1.2.4 | 52.00 | NOTE | |||
r-release-windows-x86_64 | 1.2.4 | 8.00 | 90.00 | 98.00 | NOTE | |
r-oldrel-macos-arm64 | 1.2.4 | 53.00 | NOTE | |||
r-oldrel-macos-x86_64 | 1.2.4 | 86.00 | NOTE | |||
r-oldrel-windows-x86_64 | 1.2.4 | 11.00 | 107.00 | 118.00 | NOTE |
Version: 1.2.4
Check: installed package size
Result: NOTE
installed size is 5.9Mb
sub-directories of 1Mb or more:
doc 5.5Mb
Flavors: r-devel-linux-x86_64-fedora-clang, r-devel-windows-x86_64, r-release-macos-arm64, r-release-windows-x86_64, r-oldrel-macos-arm64, r-oldrel-macos-x86_64, r-oldrel-windows-x86_64