Last updated on 2025-11-04 07:50:12 CET.
| Flavor | Version | Tinstall | Tcheck | Ttotal | Status | Flags | 
|---|---|---|---|---|---|---|
| r-devel-linux-x86_64-debian-clang | 0.11.0 | 125.89 | 179.24 | 305.13 | OK | |
| r-devel-linux-x86_64-debian-gcc | 0.11.0 | 100.16 | 135.47 | 235.63 | OK | |
| r-devel-linux-x86_64-fedora-clang | 0.11.0 | 230.00 | 274.50 | 504.50 | OK | |
| r-devel-linux-x86_64-fedora-gcc | 0.11.0 | 331.00 | 261.11 | 592.11 | OK | |
| r-devel-windows-x86_64 | 0.11.0 | 130.00 | 384.00 | 514.00 | OK | |
| r-patched-linux-x86_64 | 0.11.0 | 142.44 | 188.05 | 330.49 | OK | |
| r-release-linux-x86_64 | 0.11.0 | 141.57 | 186.97 | 328.54 | OK | |
| r-release-macos-arm64 | 0.11.0 | 55.00 | 117.00 | 172.00 | OK | |
| r-release-macos-x86_64 | 0.11.0 | 137.00 | 242.00 | 379.00 | OK | |
| r-release-windows-x86_64 | 0.11.0 | 120.00 | 384.00 | 504.00 | OK | |
| r-oldrel-macos-arm64 | 0.11.0 | 46.00 | 104.00 | 150.00 | NOTE | |
| r-oldrel-macos-x86_64 | 0.11.0 | 151.00 | 232.00 | 383.00 | NOTE | |
| r-oldrel-windows-x86_64 | 0.11.0 | 152.00 | 441.00 | 593.00 | NOTE | 
Version: 0.11.0
Check: installed package size
Result: NOTE
    installed size is 54.3Mb
    sub-directories of 1Mb or more:
      doc    1.4Mb
      libs  52.7Mb
Flavors: r-oldrel-macos-arm64, r-oldrel-macos-x86_64, r-oldrel-windows-x86_64