Last updated on 2025-06-30 15:49:54 CEST.
Flavor | Version | Tinstall | Tcheck | Ttotal | Status | Flags |
---|---|---|---|---|---|---|
r-devel-linux-x86_64-debian-clang | 4.21.0 | 33.68 | 1047.35 | 1081.03 | OK | |
r-devel-linux-x86_64-debian-gcc | 4.21.0 | 23.85 | 566.37 | 590.22 | OK | |
r-devel-linux-x86_64-fedora-clang | 4.21.0 | 1378.87 | NOTE | |||
r-devel-linux-x86_64-fedora-gcc | 4.21.0 | 1249.16 | NOTE | |||
r-devel-windows-x86_64 | 4.21.0 | 41.00 | 847.00 | 888.00 | OK | |
r-patched-linux-x86_64 | OK | |||||
r-release-linux-x86_64 | 4.21.0 | 36.79 | 809.59 | 846.38 | OK | |
r-release-macos-arm64 | 4.21.0 | 313.00 | OK | |||
r-release-macos-x86_64 | 4.21.0 | 794.00 | OK | |||
r-release-windows-x86_64 | 4.21.0 | 38.00 | 863.00 | 901.00 | OK | |
r-oldrel-macos-arm64 | 4.21.0 | 359.00 | NOTE | |||
r-oldrel-macos-x86_64 | 4.21.0 | 588.00 | NOTE | |||
r-oldrel-windows-x86_64 | 4.21.0 | 57.00 | 1109.00 | 1166.00 | NOTE |
Version: 4.21.0
Check: dependencies in R code
Result: NOTE
Namespaces in Imports field not imported from:
‘foreign’ ‘psychTools’ ‘pwr’ ‘rmarkdown’
All declared Imports should be used.
Flavors: r-devel-linux-x86_64-fedora-clang, r-devel-linux-x86_64-fedora-gcc
Version: 4.21.0
Check: installed package size
Result: NOTE
installed size is 5.9Mb
sub-directories of 1Mb or more:
R 1.0Mb
help 4.4Mb
Flavors: r-oldrel-macos-arm64, r-oldrel-macos-x86_64, r-oldrel-windows-x86_64