Last updated on 2025-02-22 12:50:59 CET.
Flavor | Version | Tinstall | Tcheck | Ttotal | Status | Flags |
---|---|---|---|---|---|---|
r-devel-linux-x86_64-debian-clang | 4.21.0 | 36.10 | 1020.51 | 1056.61 | OK | |
r-devel-linux-x86_64-debian-gcc | 4.21.0 | 24.54 | 584.83 | 609.37 | OK | |
r-devel-linux-x86_64-fedora-clang | 4.21.0 | 1449.28 | NOTE | |||
r-devel-linux-x86_64-fedora-gcc | 4.21.0 | 1264.33 | NOTE | |||
r-devel-macos-arm64 | 4.21.0 | 304.00 | OK | |||
r-devel-macos-x86_64 | 4.21.0 | 794.00 | OK | |||
r-devel-windows-x86_64 | 4.21.0 | 38.00 | 834.00 | 872.00 | OK | |
r-patched-linux-x86_64 | 4.21.0 | 51.28 | 766.01 | 817.29 | OK | |
r-release-linux-x86_64 | 4.21.0 | 34.40 | 766.26 | 800.66 | OK | |
r-release-macos-arm64 | 4.21.0 | 359.00 | NOTE | |||
r-release-macos-x86_64 | 4.21.0 | 588.00 | NOTE | |||
r-release-windows-x86_64 | 4.21.0 | 38.00 | 787.00 | 825.00 | NOTE | |
r-oldrel-macos-arm64 | 4.21.0 | 376.00 | NOTE | |||
r-oldrel-macos-x86_64 | 4.21.0 | 583.00 | NOTE | |||
r-oldrel-windows-x86_64 | 4.21.0 | 52.00 | 1055.00 | 1107.00 | NOTE |
Version: 4.21.0
Check: dependencies in R code
Result: NOTE
Namespaces in Imports field not imported from:
‘foreign’ ‘psychTools’ ‘pwr’ ‘rmarkdown’
All declared Imports should be used.
Flavors: r-devel-linux-x86_64-fedora-clang, r-devel-linux-x86_64-fedora-gcc
Version: 4.21.0
Check: installed package size
Result: NOTE
installed size is 5.9Mb
sub-directories of 1Mb or more:
R 1.0Mb
help 4.4Mb
Flavors: r-release-macos-arm64, r-release-macos-x86_64, r-release-windows-x86_64, r-oldrel-macos-arm64, r-oldrel-macos-x86_64, r-oldrel-windows-x86_64