CRAN Package Check Results for Package twilio

Last updated on 2025-06-30 15:49:54 CEST.

Flavor Version Tinstall Tcheck Ttotal Status Flags
r-devel-linux-x86_64-debian-clang 0.1.0 3.79 35.15 38.94 OK
r-devel-linux-x86_64-debian-gcc 0.1.0 3.02 28.18 31.20 OK
r-devel-linux-x86_64-fedora-clang 0.1.0 58.42 OK
r-devel-linux-x86_64-fedora-gcc 0.1.0 58.72 OK
r-devel-windows-x86_64 0.1.0 6.00 51.00 57.00 OK
r-patched-linux-x86_64 OK
r-release-linux-x86_64 0.1.0 3.57 32.37 35.94 OK
r-release-macos-arm64 0.1.0 31.00 OK
r-release-macos-x86_64 0.1.0 38.00 OK
r-release-windows-x86_64 0.1.0 5.00 52.00 57.00 OK
r-oldrel-macos-arm64 0.1.0 21.00 NOTE
r-oldrel-macos-x86_64 0.1.0 30.00 NOTE
r-oldrel-windows-x86_64 0.1.0 7.00 61.00 68.00 NOTE

Check Details

Version: 0.1.0
Check: LazyData
Result: NOTE 'LazyData' is specified without a 'data' directory Flavors: r-oldrel-macos-arm64, r-oldrel-macos-x86_64, r-oldrel-windows-x86_64