Last updated on 2025-11-04 07:50:11 CET.
| Flavor | Version | Tinstall | Tcheck | Ttotal | Status | Flags | 
|---|---|---|---|---|---|---|
| r-devel-linux-x86_64-debian-clang | 1.2.1 | 2.17 | 33.08 | 35.25 | NOTE | |
| r-devel-linux-x86_64-debian-gcc | 1.2.1 | 2.09 | 26.56 | 28.65 | NOTE | |
| r-devel-linux-x86_64-fedora-clang | 1.2.1 | 52.48 | NOTE | |||
| r-devel-linux-x86_64-fedora-gcc | 1.2.1 | 66.05 | NOTE | |||
| r-devel-windows-x86_64 | 1.2.1 | 5.00 | 48.00 | 53.00 | NOTE | |
| r-patched-linux-x86_64 | 1.2.1 | 2.56 | 30.32 | 32.88 | NOTE | |
| r-release-linux-x86_64 | 1.2.1 | 2.65 | 30.44 | 33.09 | NOTE | |
| r-release-macos-arm64 | 1.2.1 | 3.00 | 56.00 | 59.00 | NOTE | |
| r-release-macos-x86_64 | 1.2.1 | 3.00 | 49.00 | 52.00 | NOTE | |
| r-release-windows-x86_64 | 1.2.1 | 5.00 | 48.00 | 53.00 | NOTE | |
| r-oldrel-macos-arm64 | 1.2.1 | 2.00 | 27.00 | 29.00 | NOTE | |
| r-oldrel-macos-x86_64 | 1.2.1 | 2.00 | 42.00 | 44.00 | NOTE | |
| r-oldrel-windows-x86_64 | 1.2.1 | 6.00 | 59.00 | 65.00 | NOTE | 
Version: 1.2.1
Check: CRAN incoming feasibility
Result: NOTE
  Maintainer: ‘Michael C Sachs <sachsmc@gmail.com>’
  
  No Authors@R field in DESCRIPTION.
  Please add one, modifying
    Authors@R: person(given = c("Michael", "C"),
                      family = "Sachs",
                      role = c("aut", "cre"),
                      email = "sachsmc@gmail.com")
  as necessary.
  
  Package CITATION file contains call(s) to old-style citEntry().  Please
  use bibentry() instead.
Flavors: r-devel-linux-x86_64-debian-clang, r-devel-linux-x86_64-debian-gcc
Version: 1.2.1
Check: DESCRIPTION meta-information
Result: NOTE
  Malformed Description field: should contain one or more complete sentences.
Flavors: r-devel-linux-x86_64-debian-clang, r-devel-linux-x86_64-debian-gcc, r-devel-linux-x86_64-fedora-clang, r-devel-linux-x86_64-fedora-gcc, r-devel-windows-x86_64, r-patched-linux-x86_64, r-release-linux-x86_64, r-release-macos-arm64, r-release-macos-x86_64, r-release-windows-x86_64, r-oldrel-macos-arm64, r-oldrel-macos-x86_64, r-oldrel-windows-x86_64