Last updated on 2025-11-04 07:50:11 CET.
| Flavor | Version | Tinstall | Tcheck | Ttotal | Status | Flags | 
|---|---|---|---|---|---|---|
| r-devel-linux-x86_64-debian-clang | 1.0.3 | 398.38 | 231.38 | 629.76 | NOTE | |
| r-devel-linux-x86_64-debian-gcc | 1.0.3 | 361.16 | 159.17 | 520.33 | NOTE | |
| r-devel-linux-x86_64-fedora-clang | 1.0.3 | 720.00 | 225.54 | 945.54 | NOTE | |
| r-devel-linux-x86_64-fedora-gcc | 1.0.3 | 1200.00 | 152.16 | 1352.16 | NOTE | |
| r-devel-windows-x86_64 | 1.0.3 | 418.00 | 293.00 | 711.00 | NOTE | |
| r-patched-linux-x86_64 | 1.0.3 | 520.36 | 227.44 | 747.80 | NOTE | |
| r-release-linux-x86_64 | 1.0.3 | 537.56 | 220.68 | 758.24 | NOTE | |
| r-release-macos-arm64 | 1.0.3 | 422.00 | 136.00 | 558.00 | NOTE | |
| r-release-macos-x86_64 | 1.0.3 | 440.00 | 248.00 | 688.00 | NOTE | |
| r-release-windows-x86_64 | 1.0.3 | 413.00 | 292.00 | 705.00 | NOTE | |
| r-oldrel-macos-arm64 | 1.0.3 | 228.00 | 78.00 | 306.00 | NOTE | |
| r-oldrel-macos-x86_64 | 1.0.3 | 291.00 | 116.00 | 407.00 | NOTE | |
| r-oldrel-windows-x86_64 | 1.0.3 | 510.00 | 390.00 | 900.00 | NOTE | 
Version: 1.0.3
Check: DESCRIPTION meta-information
Result: NOTE
    Missing dependency on R >= 4.1.0 because package code uses the pipe
    |> or function shorthand \(...) syntax added in R 4.1.0.
    File(s) using such syntax:
      ‘benchmark.R’ ‘print.R’
Flavors: r-devel-linux-x86_64-debian-clang, r-devel-linux-x86_64-debian-gcc, r-devel-linux-x86_64-fedora-clang, r-devel-linux-x86_64-fedora-gcc, r-devel-windows-x86_64, r-patched-linux-x86_64, r-release-linux-x86_64, r-release-macos-arm64, r-release-macos-x86_64, r-release-windows-x86_64
Version: 1.0.3
Check: installed package size
Result: NOTE
    installed size is 138.4Mb
    sub-directories of 1Mb or more:
      libs  137.3Mb
Flavors: r-oldrel-macos-arm64, r-oldrel-macos-x86_64, r-oldrel-windows-x86_64