Last updated on 2025-02-05 13:51:15 CET.
Flavor | Version | Tinstall | Tcheck | Ttotal | Status | Flags |
---|---|---|---|---|---|---|
r-devel-linux-x86_64-debian-clang | 0.8.1 | 3.85 | 37.57 | 41.42 | OK | |
r-devel-linux-x86_64-debian-gcc | 0.8.1 | 2.70 | 27.37 | 30.07 | OK | |
r-devel-linux-x86_64-fedora-clang | 0.8.1 | 66.68 | OK | |||
r-devel-linux-x86_64-fedora-gcc | 0.8.1 | 75.48 | OK | |||
r-devel-windows-x86_64 | 0.8.1 | 5.00 | 58.00 | 63.00 | OK | |
r-patched-linux-x86_64 | 0.8.1 | 3.58 | 34.99 | 38.57 | NOTE | |
r-release-linux-x86_64 | 0.8.1 | 3.25 | 35.09 | 38.34 | NOTE | |
r-release-macos-arm64 | 0.8.1 | 28.00 | NOTE | |||
r-release-macos-x86_64 | 0.8.1 | 50.00 | NOTE | |||
r-release-windows-x86_64 | 0.8.1 | 5.00 | 58.00 | 63.00 | NOTE | |
r-oldrel-macos-arm64 | 0.8.1 | 30.00 | NOTE | |||
r-oldrel-macos-x86_64 | 0.8.1 | 39.00 | NOTE | |||
r-oldrel-windows-x86_64 | 0.8.1 | 6.00 | 61.00 | 67.00 | NOTE |
Version: 0.8.1
Check: LazyData
Result: NOTE
'LazyData' is specified without a 'data' directory
Flavors: r-patched-linux-x86_64, r-release-linux-x86_64, r-release-macos-arm64, r-release-macos-x86_64, r-release-windows-x86_64, r-oldrel-macos-arm64, r-oldrel-macos-x86_64, r-oldrel-windows-x86_64