CRAN Package Check Results for Package transreg

Last updated on 2025-11-24 07:50:17 CET.

Flavor Version Tinstall Tcheck Ttotal Status Flags
r-devel-linux-x86_64-debian-clang 1.0.5 2.23 114.78 117.01 OK
r-devel-linux-x86_64-debian-gcc 1.0.5 2.40 78.43 80.83 OK
r-devel-linux-x86_64-fedora-clang 1.0.5 187.53 OK
r-devel-linux-x86_64-fedora-gcc 1.0.5 197.53 OK
r-devel-windows-x86_64 1.0.5 7.00 118.00 125.00 OK
r-patched-linux-x86_64 1.0.5 3.29 109.08 112.37 OK
r-release-linux-x86_64 1.0.5 2.93 108.04 110.97 OK
r-release-macos-arm64 1.0.5 OK
r-release-macos-x86_64 1.0.5 2.00 114.00 116.00 OK
r-release-windows-x86_64 1.0.5 5.00 131.00 136.00 OK
r-oldrel-macos-arm64 1.0.5 NOTE
r-oldrel-macos-x86_64 1.0.5 3.00 112.00 115.00 NOTE
r-oldrel-windows-x86_64 1.0.5 6.00 154.00 160.00 NOTE

Check Details

Version: 1.0.5
Check: package dependencies
Result: NOTE Package suggested but not available for checking: ‘fwelnet’ Flavors: r-oldrel-macos-arm64, r-oldrel-macos-x86_64

Version: 1.0.5
Check: package dependencies
Result: NOTE Packages suggested but not available for checking: 'fwelnet', 'doMC' Flavor: r-oldrel-windows-x86_64