Last updated on 2025-02-21 13:51:05 CET.
Flavor | Version | Tinstall | Tcheck | Ttotal | Status | Flags |
---|---|---|---|---|---|---|
r-devel-linux-x86_64-debian-clang | 0.2-9 | 10.29 | 138.82 | 149.11 | NOTE | |
r-devel-linux-x86_64-debian-gcc | 0.2-9 | 7.13 | 104.62 | 111.75 | NOTE | |
r-devel-linux-x86_64-fedora-clang | 0.2-9 | 270.98 | OK | |||
r-devel-linux-x86_64-fedora-gcc | 0.2-9 | 248.06 | OK | |||
r-devel-macos-arm64 | 0.2-9 | 72.00 | OK | |||
r-devel-macos-x86_64 | 0.2-9 | 157.00 | OK | |||
r-devel-windows-x86_64 | 0.2-9 | 12.00 | 173.00 | 185.00 | OK | |
r-patched-linux-x86_64 | 0.2-9 | 11.70 | 133.85 | 145.55 | NOTE | |
r-release-linux-x86_64 | 0.2-9 | 11.79 | 132.92 | 144.71 | NOTE | |
r-release-macos-arm64 | 0.2-9 | 77.00 | NOTE | |||
r-release-macos-x86_64 | 0.2-9 | 174.00 | NOTE | |||
r-release-windows-x86_64 | 0.2-9 | 12.00 | 180.00 | 192.00 | NOTE | |
r-oldrel-macos-arm64 | 0.2-9 | 77.00 | NOTE | |||
r-oldrel-macos-x86_64 | 0.2-9 | 159.00 | NOTE | |||
r-oldrel-windows-x86_64 | 0.2-9 | 16.00 | 207.00 | 223.00 | NOTE |
Version: 0.2-9
Check: for unstated dependencies in ‘demo’
Result: NOTE
'::' or ':::' import not declared from: ‘devtools’
'library' or 'require' calls not declared from:
‘XML’ ‘devtools’ ‘jsonlite’ ‘ks’ ‘maps’
Flavors: r-devel-linux-x86_64-debian-clang, r-devel-linux-x86_64-debian-gcc
Version: 0.2-9
Check: package dependencies
Result: NOTE
Package suggested but not available for checking: ‘taxidata’
Flavors: r-patched-linux-x86_64, r-release-linux-x86_64, r-release-macos-arm64, r-release-macos-x86_64, r-release-windows-x86_64, r-oldrel-macos-arm64, r-oldrel-macos-x86_64, r-oldrel-windows-x86_64