Last updated on 2025-11-04 07:50:11 CET.
| Flavor | Version | Tinstall | Tcheck | Ttotal | Status | Flags | 
|---|---|---|---|---|---|---|
| r-devel-linux-x86_64-debian-clang | 1.0.2 | 43.54 | 25.71 | 69.25 | OK | |
| r-devel-linux-x86_64-debian-gcc | 1.0.2 | 40.61 | 21.51 | 62.12 | OK | |
| r-devel-linux-x86_64-fedora-clang | 1.0.2 | 79.00 | 24.12 | 103.12 | OK | |
| r-devel-linux-x86_64-fedora-gcc | 1.0.2 | 84.00 | 20.34 | 104.34 | OK | |
| r-devel-windows-x86_64 | 1.0.2 | 41.00 | 44.00 | 85.00 | OK | |
| r-patched-linux-x86_64 | 1.0.2 | 44.21 | 25.14 | 69.35 | OK | |
| r-release-linux-x86_64 | 1.0.2 | 44.13 | 24.67 | 68.80 | OK | |
| r-release-macos-arm64 | 1.0.2 | 38.00 | 22.00 | 60.00 | OK | |
| r-release-macos-x86_64 | 1.0.2 | 55.00 | 34.00 | 89.00 | OK | |
| r-release-windows-x86_64 | 1.0.2 | 42.00 | 44.00 | 86.00 | OK | |
| r-oldrel-macos-arm64 | 1.0.2 | 41.00 | 19.00 | 60.00 | NOTE | |
| r-oldrel-macos-x86_64 | 1.0.2 | 38.00 | 27.00 | 65.00 | NOTE | |
| r-oldrel-windows-x86_64 | 1.0.2 | 44.00 | 52.00 | 96.00 | NOTE | 
Version: 1.0.2
Check: installed package size
Result: NOTE
    installed size is  7.4Mb
    sub-directories of 1Mb or more:
      data   7.3Mb
Flavors: r-oldrel-macos-arm64, r-oldrel-macos-x86_64, r-oldrel-windows-x86_64