Last updated on 2025-02-22 12:50:58 CET.
Flavor | Version | Tinstall | Tcheck | Ttotal | Status | Flags |
---|---|---|---|---|---|---|
r-devel-linux-x86_64-debian-clang | 1.5.0 | 0.21 | 1.73 | 1.94 | ERROR | |
r-devel-linux-x86_64-debian-gcc | 1.5.0 | 0.28 | 1.31 | 1.59 | ERROR | |
r-devel-linux-x86_64-fedora-clang | 1.5.0 | 784.28 | OK | |||
r-devel-linux-x86_64-fedora-gcc | 1.5.0 | 747.68 | OK | |||
r-devel-macos-arm64 | 1.5.0 | 4.00 | ERROR | |||
r-devel-macos-x86_64 | 1.5.0 | 6.00 | ERROR | |||
r-devel-windows-x86_64 | 1.5.0 | 49.00 | 338.00 | 387.00 | OK | |
r-patched-linux-x86_64 | 1.5.0 | 43.09 | 387.16 | 430.25 | OK | |
r-release-linux-x86_64 | 1.5.0 | 47.67 | 382.31 | 429.98 | OK | |
r-release-macos-arm64 | 1.5.0 | 191.00 | OK | |||
r-release-macos-x86_64 | 1.5.0 | 291.00 | OK | |||
r-release-windows-x86_64 | 1.5.0 | 49.00 | 336.00 | 385.00 | OK | |
r-oldrel-macos-arm64 | 1.5.0 | 206.00 | OK | |||
r-oldrel-macos-x86_64 | 1.5.0 | 419.00 | OK | |||
r-oldrel-windows-x86_64 | 1.5.0 | 11.00 | 9.00 | 20.00 | ERROR |
Version: 1.5.0
Check: package dependencies
Result: ERROR
Package required but not available: ‘qpgraph’
See section ‘The DESCRIPTION file’ in the ‘Writing R Extensions’
manual.
Flavors: r-devel-linux-x86_64-debian-clang, r-devel-macos-arm64, r-devel-macos-x86_64
Version: 1.5.0
Check: package dependencies
Result: ERROR
Package required but not available: ‘qpgraph’
Package suggested but not available for checking: ‘Rgraphviz’
See section ‘The DESCRIPTION file’ in the ‘Writing R Extensions’
manual.
Flavor: r-devel-linux-x86_64-debian-gcc
Version: 1.5.0
Check: whether package can be installed
Result: ERROR
Installation failed.
Flavor: r-oldrel-windows-x86_64