Last updated on 2025-11-04 07:50:11 CET.
| Flavor | Version | Tinstall | Tcheck | Ttotal | Status | Flags | 
|---|---|---|---|---|---|---|
| r-devel-linux-x86_64-debian-clang | 0.1.3 | 5.37 | 58.83 | 64.20 | ERROR | |
| r-devel-linux-x86_64-debian-gcc | 0.1.3 | 4.15 | 45.60 | 49.75 | OK | |
| r-devel-linux-x86_64-fedora-clang | 0.1.3 | 13.00 | 88.78 | 101.78 | OK | |
| r-devel-linux-x86_64-fedora-gcc | 0.1.3 | 12.00 | 99.56 | 111.56 | OK | |
| r-devel-windows-x86_64 | 0.1.3 | 8.00 | 83.00 | 91.00 | OK | |
| r-patched-linux-x86_64 | 0.1.3 | 4.85 | 57.16 | 62.01 | OK | |
| r-release-linux-x86_64 | 0.1.3 | 4.82 | 57.45 | 62.27 | OK | |
| r-release-macos-arm64 | 0.1.3 | 3.00 | 42.00 | 45.00 | OK | |
| r-release-macos-x86_64 | 0.1.3 | 4.00 | 67.00 | 71.00 | OK | |
| r-release-windows-x86_64 | 0.1.3 | 8.00 | 83.00 | 91.00 | OK | |
| r-oldrel-macos-arm64 | 0.1.3 | 3.00 | 58.00 | 61.00 | OK | |
| r-oldrel-macos-x86_64 | 0.1.3 | 8.00 | 83.00 | 91.00 | OK | |
| r-oldrel-windows-x86_64 | 0.1.3 | 10.00 | 97.00 | 107.00 | OK | 
Version: 0.1.3
Check: re-building of vignette outputs
Result: ERROR
  Error(s) in re-building vignettes:
    ...
  --- re-building ‘toolStability.Rmd’ using rmarkdown
  [WARNING] Deprecated: --highlight-style. Use --syntax-highlighting instead.
  Could not fetch https://tinyurl.com/apa6-meta-analysis
  HttpExceptionRequest Request {
    host                 = "tinyurl.com"
    port                 = 443
    secure               = True
    requestHeaders       = []
    path                 = "/apa6-meta-analysis"
    queryString          = ""
    method               = "GET"
    proxy                = Nothing
    rawBody              = False
    redirectCount        = 10
    responseTimeout      = ResponseTimeoutDefault
    requestVersion       = HTTP/1.1
    proxySecureMode      = ProxySecureWithConnect
  }
   ResponseTimeout
  Error: processing vignette 'toolStability.Rmd' failed with diagnostics:
  pandoc document conversion failed with error 61
  --- failed re-building ‘toolStability.Rmd’
  
  SUMMARY: processing the following file failed:
    ‘toolStability.Rmd’
  
  Error: Vignette re-building failed.
  Execution halted
Flavor: r-devel-linux-x86_64-debian-clang