CRAN Package Check Results for Package tmap

Last updated on 2025-06-30 15:49:53 CEST.

Flavor Version Tinstall Tcheck Ttotal Status Flags
r-devel-linux-x86_64-debian-clang 4.1 57.24 432.04 489.28 OK
r-devel-linux-x86_64-debian-gcc 4.1 35.46 278.36 313.82 OK
r-devel-linux-x86_64-fedora-clang 4.1 767.82 OK
r-devel-linux-x86_64-fedora-gcc 4.1 720.00 OK
r-devel-windows-x86_64 4.1 51.00 352.00 403.00 OK
r-patched-linux-x86_64 OK
r-release-linux-x86_64 4.1 47.80 402.29 450.09 OK
r-release-macos-arm64 4.1 176.00 OK
r-release-macos-x86_64 4.1 451.00 OK
r-release-windows-x86_64 4.1 57.00 352.00 409.00 OK
r-oldrel-macos-arm64 4.1 185.00 NOTE
r-oldrel-macos-x86_64 4.1 314.00 NOTE
r-oldrel-windows-x86_64 4.1 79.00 485.00 564.00 OK

Check Details

Version: 4.1
Check: installed package size
Result: NOTE installed size is 5.0Mb sub-directories of 1Mb or more: R 2.1Mb data 2.0Mb Flavors: r-oldrel-macos-arm64, r-oldrel-macos-x86_64