CRAN Package Check Results for Package tinyarray

Last updated on 2025-06-30 15:49:53 CEST.

Flavor Version Tinstall Tcheck Ttotal Status Flags
r-devel-linux-x86_64-debian-clang 2.4.3 35.86 310.15 346.01 OK
r-devel-linux-x86_64-debian-gcc 2.4.3 21.34 217.86 239.20 OK
r-devel-linux-x86_64-fedora-clang 2.4.3 418.19 OK
r-devel-linux-x86_64-fedora-gcc 2.4.3 429.52 OK
r-devel-windows-x86_64 2.4.3 36.00 306.00 342.00 OK
r-patched-linux-x86_64 OK
r-release-linux-x86_64 2.4.3 32.35 291.98 324.33 OK
r-release-macos-arm64 2.4.3 134.00 OK
r-release-macos-x86_64 2.4.3 172.00 OK
r-release-windows-x86_64 2.4.3 38.00 299.00 337.00 OK
r-oldrel-macos-arm64 2.4.3 96.00 NOTE
r-oldrel-macos-x86_64 2.4.3 197.00 OK
r-oldrel-windows-x86_64 2.4.3 51.00 392.00 443.00 OK

Check Details

Version: 2.4.3
Check: package dependencies
Result: NOTE Packages suggested but not available for checking: 'org.Rn.eg.db', 'org.Mm.eg.db' Flavor: r-oldrel-macos-arm64