Last updated on 2024-05-10 13:49:38 CEST.
Flavor | Version | Tinstall | Tcheck | Ttotal | Status | Flags |
---|---|---|---|---|---|---|
r-devel-linux-x86_64-debian-clang | 0.1.7 | 2.29 | 54.55 | 56.84 | NOTE | |
r-devel-linux-x86_64-debian-gcc | 0.1.7 | 2.45 | 41.76 | 44.21 | NOTE | |
r-devel-linux-x86_64-fedora-clang | 0.1.7 | 74.00 | NOTE | |||
r-devel-linux-x86_64-fedora-gcc | 0.1.7 | 113.47 | NOTE | |||
r-devel-windows-x86_64 | 0.1.7 | 4.00 | 63.00 | 67.00 | NOTE | |
r-patched-linux-x86_64 | 0.1.7 | 3.23 | 53.10 | 56.33 | NOTE | |
r-release-linux-x86_64 | 0.1.7 | 2.40 | 54.21 | 56.61 | NOTE | |
r-release-macos-arm64 | 0.1.7 | 26.00 | NOTE | |||
r-release-windows-x86_64 | 0.1.7 | 4.00 | 62.00 | 66.00 | NOTE | |
r-oldrel-macos-arm64 | 0.1.7 | 35.00 | NOTE | |||
r-oldrel-macos-x86_64 | 0.1.7 | 65.00 | NOTE | |||
r-oldrel-windows-x86_64 | 0.1.7 | 4.00 | 67.00 | 71.00 | NOTE |
Version: 0.1.7
Check: package dependencies
Result: NOTE
Package suggested but not available for checking: ‘rrelaxiv’
Flavors: r-devel-linux-x86_64-debian-clang, r-devel-linux-x86_64-debian-gcc, r-devel-linux-x86_64-fedora-clang, r-devel-linux-x86_64-fedora-gcc, r-devel-windows-x86_64, r-patched-linux-x86_64, r-release-linux-x86_64, r-release-macos-arm64, r-release-windows-x86_64, r-oldrel-macos-arm64, r-oldrel-macos-x86_64, r-oldrel-windows-x86_64