Last updated on 2025-06-30 15:49:53 CEST.
Flavor | Version | Tinstall | Tcheck | Ttotal | Status | Flags |
---|---|---|---|---|---|---|
r-devel-linux-x86_64-debian-clang | 1.1.0 | 46.10 | 467.71 | 513.81 | OK | |
r-devel-linux-x86_64-debian-gcc | 1.1.0 | 33.01 | 356.83 | 389.84 | OK | |
r-devel-linux-x86_64-fedora-clang | 1.1.0 | 763.35 | OK | |||
r-devel-linux-x86_64-fedora-gcc | 1.1.0 | 754.13 | OK | |||
r-devel-windows-x86_64 | 1.1.0 | 45.00 | 431.00 | 476.00 | OK | |
r-patched-linux-x86_64 | OK | |||||
r-release-linux-x86_64 | 1.1.0 | 43.83 | 443.70 | 487.53 | OK | |
r-release-macos-arm64 | 1.1.0 | 220.00 | OK | |||
r-release-macos-x86_64 | 1.1.0 | 433.00 | OK | |||
r-release-windows-x86_64 | 1.1.0 | 47.00 | 427.00 | 474.00 | OK | |
r-oldrel-macos-arm64 | 1.1.0 | 211.00 | NOTE | |||
r-oldrel-macos-x86_64 | 1.1.0 | 299.00 | OK | |||
r-oldrel-windows-x86_64 | 1.1.0 | 66.00 | 539.00 | 605.00 | OK |
Version: 1.1.0
Check: installed package size
Result: NOTE
installed size is 5.1Mb
sub-directories of 1Mb or more:
data 4.5Mb
Flavor: r-oldrel-macos-arm64