Last updated on 2024-05-10 13:49:38 CEST.
Flavor | Version | Tinstall | Tcheck | Ttotal | Status | Flags |
---|---|---|---|---|---|---|
r-devel-linux-x86_64-debian-clang | 0.0.2 | 135.89 | 75.22 | 211.11 | OK | |
r-devel-linux-x86_64-debian-gcc | 0.0.3 | 107.37 | 47.77 | 155.14 | OK | |
r-devel-linux-x86_64-fedora-clang | 0.0.3 | 296.10 | OK | |||
r-devel-linux-x86_64-fedora-gcc | 0.0.3 | 211.21 | OK | |||
r-devel-windows-x86_64 | 0.0.3 | 111.00 | 124.00 | 235.00 | OK | |
r-patched-linux-x86_64 | 0.0.3 | 123.08 | 61.88 | 184.96 | OK | |
r-release-linux-x86_64 | 0.0.2 | 138.07 | 70.75 | 208.82 | OK | |
r-release-macos-arm64 | 0.0.3 | 70.00 | NOTE | |||
r-release-macos-x86_64 | 0.0.3 | 108.00 | NOTE | |||
r-release-windows-x86_64 | 0.0.3 | 107.00 | 128.00 | 235.00 | OK | |
r-oldrel-macos-arm64 | 0.0.3 | 74.00 | NOTE | |||
r-oldrel-macos-x86_64 | 0.0.3 | 97.00 | NOTE | |||
r-oldrel-windows-x86_64 | 0.0.3 | 104.00 | 121.00 | 225.00 | OK |
Version: 0.0.3
Check: installed package size
Result: NOTE
installed size is 27.4Mb
sub-directories of 1Mb or more:
libs 27.1Mb
Flavors: r-release-macos-arm64, r-release-macos-x86_64, r-oldrel-macos-arm64, r-oldrel-macos-x86_64