CRAN Package Check Results for Package tfdeploy

Last updated on 2025-06-30 15:49:53 CEST.

Flavor Version Tinstall Tcheck Ttotal Status Flags
r-devel-linux-x86_64-debian-clang 0.6.1 8.00 70.67 78.67 OK
r-devel-linux-x86_64-debian-gcc 0.6.1 5.77 55.54 61.31 OK
r-devel-linux-x86_64-fedora-clang 0.6.1 125.09 OK
r-devel-linux-x86_64-fedora-gcc 0.6.1 129.51 OK
r-devel-windows-x86_64 0.6.1 10.00 160.00 170.00 OK
r-patched-linux-x86_64 OK
r-release-linux-x86_64 0.6.1 6.42 67.21 73.63 OK
r-release-macos-arm64 0.6.1 56.00 OK
r-release-macos-x86_64 0.6.1 83.00 OK
r-release-windows-x86_64 0.6.1 9.00 120.00 129.00 OK
r-oldrel-macos-arm64 0.6.1 42.00 NOTE
r-oldrel-macos-x86_64 0.6.1 67.00 NOTE
r-oldrel-windows-x86_64 0.6.1 13.00 117.00 130.00 NOTE

Check Details

Version: 0.6.1
Check: LazyData
Result: NOTE 'LazyData' is specified without a 'data' directory Flavors: r-oldrel-macos-arm64, r-oldrel-macos-x86_64, r-oldrel-windows-x86_64