Last updated on 2025-11-04 07:50:10 CET.
| Flavor | Version | Tinstall | Tcheck | Ttotal | Status | Flags | 
|---|---|---|---|---|---|---|
| r-devel-linux-x86_64-debian-clang | 0.3.2 | 131.44 | 64.78 | 196.22 | WARN | |
| r-devel-linux-x86_64-debian-gcc | 0.3.2 | 78.99 | 46.06 | 125.05 | WARN | |
| r-devel-linux-x86_64-fedora-clang | 0.4.1 | 119.00 | 369.37 | 488.37 | OK | |
| r-devel-linux-x86_64-fedora-gcc | 0.4.1 | 83.00 | 352.94 | 435.94 | OK | |
| r-devel-windows-x86_64 | 0.4.1 | 150.00 | 120.00 | 270.00 | OK | |
| r-patched-linux-x86_64 | 0.3.2 | 134.81 | 62.19 | 197.00 | NOTE | |
| r-release-linux-x86_64 | 0.3.2 | 131.37 | 62.24 | 193.61 | NOTE | |
| r-release-macos-arm64 | 0.4.1 | 57.00 | 57.00 | 114.00 | OK | |
| r-release-macos-x86_64 | 0.4.1 | 78.00 | 95.00 | 173.00 | OK | |
| r-release-windows-x86_64 | 0.3.2 | 143.00 | 107.00 | 250.00 | NOTE | |
| r-oldrel-macos-arm64 | 0.4.1 | 55.00 | 46.00 | 101.00 | NOTE | |
| r-oldrel-macos-x86_64 | 0.4.1 | 64.00 | 92.00 | 156.00 | NOTE | |
| r-oldrel-windows-x86_64 | 0.3.2 | 184.00 | 135.00 | 319.00 | NOTE | 
Version: 0.3.2
Check: whether package can be installed
Result: WARN
  Found the following significant warnings:
    /home/hornik/tmp/R.check/r-devel-clang/Work/build/Packages/RcppArmadillo/include/RcppArmadillo/version/arma.h:66:17: warning: Using fallback compilation with Armadillo 14.6.3. Please consider defining -DARMA_USE_CURRENT and also removing C++11 compilation directive. See GitHub issue #475 for more. [-W#pragma-messages]
  See ‘/home/hornik/tmp/R.check/r-devel-clang/Work/PKGS/tfarima.Rcheck/00install.out’ for details.
  * used C++ compiler: ‘Debian clang version 19.1.7 (7)’
Flavor: r-devel-linux-x86_64-debian-clang
Version: 0.3.2
Check: C++ specification
Result: NOTE
    Specified C++11: please drop specification unless essential
Flavors: r-devel-linux-x86_64-debian-clang, r-devel-linux-x86_64-debian-gcc, r-patched-linux-x86_64, r-release-linux-x86_64, r-release-windows-x86_64, r-oldrel-windows-x86_64
Version: 0.3.2
Check: whether package can be installed
Result: WARN
  Found the following significant warnings:
    /home/hornik/tmp/R.check/r-devel-gcc/Work/build/Packages/RcppArmadillo/include/RcppArmadillo/version/arma.h:66:199: note: ‘#pragma message: Using fallback compilation with Armadillo 14.6.3. Please consider defining -DARMA_USE_CURRENT and also removing C++11 compilation directive. See GitHub issue #475 for more.’
  See ‘/home/hornik/tmp/R.check/r-devel-gcc/Work/PKGS/tfarima.Rcheck/00install.out’ for details.
  * used C++ compiler: ‘g++-15 (Debian 15.2.0-7) 15.2.0’
Flavor: r-devel-linux-x86_64-debian-gcc
Version: 0.4.1
Check: installed package size
Result: NOTE
    installed size is  9.1Mb
    sub-directories of 1Mb or more:
      libs   7.9Mb
Flavors: r-oldrel-macos-arm64, r-oldrel-macos-x86_64