CRAN Package Check Results for Package tensorMiss

Last updated on 2025-06-30 15:49:53 CEST.

Flavor Version Tinstall Tcheck Ttotal Status Flags
r-devel-linux-x86_64-debian-clang 1.1.1 135.51 37.05 172.56 OK
r-devel-linux-x86_64-debian-gcc 1.1.1 108.58 37.77 146.35 OK
r-devel-linux-x86_64-fedora-clang 1.1.1 326.17 OK
r-devel-linux-x86_64-fedora-gcc 1.1.1 350.71 OK
r-devel-windows-x86_64 1.1.1 152.00 94.00 246.00 OK
r-patched-linux-x86_64 OK
r-release-linux-x86_64 1.1.1 143.17 47.92 191.09 OK
r-release-macos-arm64 1.1.1 94.00 OK
r-release-macos-x86_64 1.1.1 97.00 OK
r-release-windows-x86_64 1.1.1 153.00 99.00 252.00 OK
r-oldrel-macos-arm64 1.1.1 106.00 NOTE
r-oldrel-macos-x86_64 1.1.1 81.00 NOTE
r-oldrel-windows-x86_64 1.1.1 178.00 102.00 280.00 OK

Check Details

Version: 1.1.1
Check: installed package size
Result: NOTE installed size is 14.9Mb sub-directories of 1Mb or more: libs 14.8Mb Flavors: r-oldrel-macos-arm64, r-oldrel-macos-x86_64