Last updated on 2025-11-25 07:50:13 CET.
| Flavor | Version | Tinstall | Tcheck | Ttotal | Status | Flags |
|---|---|---|---|---|---|---|
| r-devel-linux-x86_64-debian-clang | 1.1-1 | 2.27 | 46.28 | 48.55 | NOTE | |
| r-devel-linux-x86_64-debian-gcc | 1.1-1 | 1.87 | 31.63 | 33.50 | NOTE | |
| r-devel-linux-x86_64-fedora-clang | 1.1-1 | 75.44 | NOTE | |||
| r-devel-linux-x86_64-fedora-gcc | 1.1-1 | 175.25 | NOTE | |||
| r-devel-windows-x86_64 | 1.1-1 | 6.00 | 61.00 | 67.00 | OK | |
| r-patched-linux-x86_64 | 1.1-1 | 2.47 | 42.85 | 45.32 | OK | |
| r-release-linux-x86_64 | 1.1-1 | 2.07 | 43.60 | 45.67 | OK | |
| r-release-macos-arm64 | 1.1-1 | OK | ||||
| r-release-macos-x86_64 | 1.1-1 | 7.00 | 145.00 | 152.00 | OK | |
| r-release-windows-x86_64 | 1.1-1 | 5.00 | 69.00 | 74.00 | OK | |
| r-oldrel-macos-arm64 | 1.1-1 | OK | ||||
| r-oldrel-macos-x86_64 | 1.1-1 | 3.00 | 159.00 | 162.00 | WARN | |
| r-oldrel-windows-x86_64 | 1.1-1 | 3.00 | 74.00 | 77.00 | OK |
Version: 1.1-1
Check: HTML version of manual
Result: NOTE
Found the following HTML validation problems:
tdsa.html:232:1 (state_sens.Rd:7): Warning: <script> anchor "MathJax-script" already defined
Flavors: r-devel-linux-x86_64-debian-clang, r-devel-linux-x86_64-debian-gcc, r-devel-linux-x86_64-fedora-clang, r-devel-linux-x86_64-fedora-gcc
Version: 1.1-1
Check: PDF version of manual
Result: WARN
LaTeX errors when creating PDF version.
This typically indicates Rd problems.
Flavor: r-oldrel-macos-x86_64