Last updated on 2025-06-30 15:49:53 CEST.
Flavor | Version | Tinstall | Tcheck | Ttotal | Status | Flags |
---|---|---|---|---|---|---|
r-devel-linux-x86_64-debian-clang | 0.4.3 | 7.34 | 72.19 | 79.53 | NOTE | |
r-devel-linux-x86_64-debian-gcc | 0.4.3 | 4.75 | 49.19 | 53.94 | NOTE | |
r-devel-linux-x86_64-fedora-clang | 0.4.3 | 113.65 | OK | |||
r-devel-linux-x86_64-fedora-gcc | 0.4.3 | 107.23 | OK | |||
r-devel-windows-x86_64 | 0.4.3 | 10.00 | 95.00 | 105.00 | NOTE | |
r-patched-linux-x86_64 | NOTE | |||||
r-release-linux-x86_64 | 0.4.3 | 7.64 | 64.74 | 72.38 | NOTE | |
r-release-macos-arm64 | 0.4.3 | 36.00 | OK | |||
r-release-macos-x86_64 | 0.4.3 | 61.00 | OK | |||
r-release-windows-x86_64 | 0.4.3 | 11.00 | 93.00 | 104.00 | NOTE | |
r-oldrel-macos-arm64 | 0.4.3 | 33.00 | OK | |||
r-oldrel-macos-x86_64 | 0.4.3 | 51.00 | OK | |||
r-oldrel-windows-x86_64 | 0.4.3 | 15.00 | 112.00 | 127.00 | OK |
Version: 0.4.3
Check: Rd cross-references
Result: NOTE
Found the following Rd file(s) with Rd \link{} targets missing package
anchors:
as_data_frame.Rd: as_tibble
Please provide package anchors for all Rd \link{} targets not in the
package itself and the base packages.
Flavors: r-devel-linux-x86_64-debian-clang, r-devel-linux-x86_64-debian-gcc, r-devel-windows-x86_64, r-patched-linux-x86_64, r-release-linux-x86_64, r-release-windows-x86_64