CRAN Package Check Results for Package sys

Last updated on 2025-06-30 15:49:52 CEST.

Flavor Version Tinstall Tcheck Ttotal Status Flags
r-devel-linux-x86_64-debian-clang 3.4.3 2.65 22.02 24.67 OK
r-devel-linux-x86_64-debian-gcc 3.4.3 2.03 18.59 20.62 OK
r-devel-linux-x86_64-fedora-clang 3.4.3 37.58 OK
r-devel-linux-x86_64-fedora-gcc 3.4.3 35.30 OK
r-devel-windows-x86_64 3.4.3 10.00 56.00 66.00 OK
r-patched-linux-x86_64 OK
r-release-linux-x86_64 3.4.3 2.41 20.75 23.16 OK
r-release-macos-arm64 3.4.3 27.00 OK
r-release-macos-x86_64 3.4.3 40.00 OK
r-release-windows-x86_64 3.4.3 8.00 56.00 64.00 OK
r-oldrel-macos-arm64 3.4.3 31.00 OK
r-oldrel-macos-x86_64 3.4.3 59.00 OK
r-oldrel-windows-x86_64 3.4.3 10.00 58.00 68.00 NOTE

Check Details

Version: 3.4.3
Check: package dependencies
Result: NOTE Package suggested but not available for checking: 'unix' Flavor: r-oldrel-windows-x86_64