Last updated on 2024-04-27 12:48:27 CEST.
Flavor | Version | Tinstall | Tcheck | Ttotal | Status | Flags |
---|---|---|---|---|---|---|
r-devel-linux-x86_64-debian-clang | 1.9 | 22.34 | 78.02 | 100.36 | OK | |
r-devel-linux-x86_64-debian-gcc | 1.9 | 17.47 | 57.64 | 75.11 | OK | |
r-devel-linux-x86_64-fedora-clang | 1.9 | 121.45 | NOTE | |||
r-devel-linux-x86_64-fedora-gcc | 1.9 | 121.39 | OK | |||
r-devel-windows-x86_64 | 1.9 | 29.00 | 75.00 | 104.00 | OK | |
r-patched-linux-x86_64 | 1.9 | 21.55 | 72.06 | 93.61 | OK | |
r-release-linux-x86_64 | 1.9 | 20.64 | 76.20 | 96.84 | OK | |
r-release-macos-arm64 | 1.9 | 42.00 | OK | |||
r-release-windows-x86_64 | 1.9 | 30.00 | 76.00 | 106.00 | OK | |
r-oldrel-macos-arm64 | 1.9 | 43.00 | OK | |||
r-oldrel-macos-x86_64 | 1.9 | 95.00 | OK | |||
r-oldrel-windows-x86_64 | 1.9 | 32.00 | 89.00 | 121.00 | OK |
Version: 1.9
Check: installed package size
Result: NOTE
installed size is 7.7Mb
sub-directories of 1Mb or more:
libs 7.5Mb
Flavor: r-devel-linux-x86_64-fedora-clang