Last updated on 2025-11-04 07:50:10 CET.
| Flavor | Version | Tinstall | Tcheck | Ttotal | Status | Flags | 
|---|---|---|---|---|---|---|
| r-devel-linux-x86_64-debian-clang | 1.5.1 | 3.51 | 41.86 | 45.37 | NOTE | |
| r-devel-linux-x86_64-debian-gcc | 1.5.1 | 2.76 | 29.75 | 32.51 | NOTE | |
| r-devel-linux-x86_64-fedora-clang | 1.5.1 | 69.01 | OK | |||
| r-devel-linux-x86_64-fedora-gcc | 1.5.1 | 65.40 | OK | |||
| r-devel-windows-x86_64 | 1.5.1 | 4.00 | 59.00 | 63.00 | OK | |
| r-patched-linux-x86_64 | 1.5.1 | 3.29 | 40.62 | 43.91 | OK | |
| r-release-linux-x86_64 | 1.5.1 | 3.25 | 40.15 | 43.40 | OK | |
| r-release-macos-arm64 | 1.5.1 | 2.00 | 21.00 | 23.00 | OK | |
| r-release-macos-x86_64 | 1.5.1 | 3.00 | 37.00 | 40.00 | OK | |
| r-release-windows-x86_64 | 1.5.1 | 5.00 | 58.00 | 63.00 | OK | |
| r-oldrel-macos-arm64 | 1.5.1 | 2.00 | 22.00 | 24.00 | OK | |
| r-oldrel-macos-x86_64 | 1.5.1 | 3.00 | 36.00 | 39.00 | OK | |
| r-oldrel-windows-x86_64 | 1.5.1 | 6.00 | 69.00 | 75.00 | OK | 
Version: 1.5.1
Check: CRAN incoming feasibility
Result: NOTE
  Maintainer: ‘Martin Lauss <martin.lauss@med.lu.se>’
  
  No Authors@R field in DESCRIPTION.
  Please add one, modifying
    Authors@R: person(given = "Martin",
                      family = "Lauss",
                      role = c("aut", "cre"),
                      email = "martin.lauss@med.lu.se")
  as necessary.
Flavors: r-devel-linux-x86_64-debian-clang, r-devel-linux-x86_64-debian-gcc