Last updated on 2025-11-03 07:48:55 CET.
| Flavor | Version | Tinstall | Tcheck | Ttotal | Status | Flags | 
|---|---|---|---|---|---|---|
| r-devel-linux-x86_64-debian-clang | 1.0 | 203.10 | 565.97 | 769.07 | OK | |
| r-devel-linux-x86_64-debian-gcc | 1.0 | 188.09 | 386.08 | 574.17 | OK | |
| r-devel-linux-x86_64-fedora-clang | 1.0 | 363.00 | 777.68 | 1140.68 | OK | |
| r-devel-linux-x86_64-fedora-gcc | 1.0 | 516.00 | 757.12 | 1273.12 | OK | |
| r-devel-windows-x86_64 | 1.0 | 212.00 | 570.00 | 782.00 | OK | |
| r-patched-linux-x86_64 | 1.0 | 231.55 | 569.80 | 801.35 | OK | |
| r-release-linux-x86_64 | 1.0 | 229.14 | 567.75 | 796.89 | OK | |
| r-release-macos-arm64 | 1.0 | 87.00 | 133.00 | 220.00 | OK | |
| r-release-macos-x86_64 | 1.0 | 201.00 | 477.00 | 678.00 | OK | |
| r-release-windows-x86_64 | 1.0 | 207.00 | 562.00 | 769.00 | OK | |
| r-oldrel-macos-arm64 | 1.0 | 84.00 | 174.00 | 258.00 | NOTE | |
| r-oldrel-macos-x86_64 | 1.0 | 210.00 | 483.00 | 693.00 | NOTE | |
| r-oldrel-windows-x86_64 | 1.0 | 244.00 | 782.00 | 1026.00 | NOTE | 
Version: 1.0
Check: installed package size
Result: NOTE
    installed size is 71.1Mb
    sub-directories of 1Mb or more:
      doc    3.9Mb
      libs  66.5Mb
Flavors: r-oldrel-macos-arm64, r-oldrel-macos-x86_64, r-oldrel-windows-x86_64
Version: 1.0
Check: for GNU extensions in Makefiles
Result: NOTE
  GNU make is a SystemRequirements.
Flavors: r-oldrel-macos-arm64, r-oldrel-macos-x86_64, r-oldrel-windows-x86_64