Last updated on 2024-05-06 12:53:05 CEST.
Flavor | Version | Tinstall | Tcheck | Ttotal | Status | Flags |
---|---|---|---|---|---|---|
r-devel-linux-x86_64-debian-clang | 2.0.1 | 19.62 | 222.46 | 242.08 | NOTE | |
r-devel-linux-x86_64-debian-gcc | 2.0.1 | 17.02 | 155.72 | 172.74 | NOTE | |
r-devel-linux-x86_64-fedora-clang | 2.0.1 | 305.15 | NOTE | |||
r-devel-linux-x86_64-fedora-gcc | 2.0.1 | 286.83 | NOTE | |||
r-devel-windows-x86_64 | 2.0.1 | 16.00 | 153.00 | 169.00 | NOTE | |
r-patched-linux-x86_64 | 2.0.1 | 15.73 | 204.37 | 220.10 | NOTE | |
r-release-linux-x86_64 | 2.0.1 | 13.04 | 206.52 | 219.56 | NOTE | |
r-release-macos-arm64 | 2.0.1 | 70.00 | NOTE | |||
r-release-windows-x86_64 | 2.0.1 | 18.00 | 152.00 | 170.00 | NOTE | |
r-oldrel-macos-arm64 | 2.0.1 | 99.00 | NOTE | |||
r-oldrel-macos-x86_64 | 2.0.1 | 152.00 | NOTE | |||
r-oldrel-windows-x86_64 | 2.0.1 | 22.00 | 191.00 | 213.00 | NOTE |
Version: 2.0.1
Check: package dependencies
Result: NOTE
Packages suggested but not available for checking:
'survHEinla', 'survHEhmc', 'INLA'
Flavors: r-devel-linux-x86_64-debian-clang, r-devel-linux-x86_64-debian-gcc, r-patched-linux-x86_64, r-release-linux-x86_64, r-release-macos-arm64, r-oldrel-macos-arm64, r-oldrel-windows-x86_64
Version: 2.0.1
Check: package dependencies
Result: NOTE
Packages suggested but not available for checking:
'survHEinla', 'survHEhmc'
Flavors: r-devel-linux-x86_64-fedora-clang, r-devel-linux-x86_64-fedora-gcc, r-devel-windows-x86_64, r-release-windows-x86_64
Version: 2.0.1
Check: package dependencies
Result: NOTE
Packages suggested but not available for checking:
'survHEinla', 'survHEhmc', 'INLA', 'rstan'
Flavor: r-oldrel-macos-x86_64