Last updated on 2025-06-30 15:49:52 CEST.
Flavor | Version | Tinstall | Tcheck | Ttotal | Status | Flags |
---|---|---|---|---|---|---|
r-devel-linux-x86_64-debian-clang | 0.1.0 | 3.75 | 140.52 | 144.27 | OK | |
r-devel-linux-x86_64-debian-gcc | 0.1.0 | 2.56 | 90.54 | 93.10 | OK | |
r-devel-linux-x86_64-fedora-clang | 0.1.0 | 209.03 | OK | |||
r-devel-linux-x86_64-fedora-gcc | 0.1.0 | 207.34 | OK | |||
r-devel-windows-x86_64 | 0.1.0 | 4.00 | 126.00 | 130.00 | OK | |
r-patched-linux-x86_64 | OK | |||||
r-release-linux-x86_64 | 0.1.0 | 3.81 | 132.50 | 136.31 | OK | |
r-release-macos-arm64 | 0.1.0 | 55.00 | OK | |||
r-release-macos-x86_64 | 0.1.0 | 114.00 | OK | |||
r-release-windows-x86_64 | 0.1.0 | 6.00 | 127.00 | 133.00 | OK | |
r-oldrel-macos-arm64 | 0.1.0 | 59.00 | NOTE | |||
r-oldrel-macos-x86_64 | 0.1.0 | 98.00 | NOTE | |||
r-oldrel-windows-x86_64 | 0.1.0 | 7.00 | 169.00 | 176.00 | NOTE |
Version: 0.1.0
Check: LazyData
Result: NOTE
'LazyData' is specified without a 'data' directory
Flavors: r-oldrel-macos-arm64, r-oldrel-macos-x86_64, r-oldrel-windows-x86_64