Last updated on 2025-11-05 07:50:59 CET.
| Flavor | Version | Tinstall | Tcheck | Ttotal | Status | Flags |
|---|---|---|---|---|---|---|
| r-devel-linux-x86_64-debian-clang | 1.1.1 | 11.07 | 84.41 | 95.48 | NOTE | |
| r-devel-linux-x86_64-debian-gcc | 1.1.1 | 7.62 | 60.38 | 68.00 | NOTE | |
| r-devel-linux-x86_64-fedora-clang | 1.1.1 | 30.00 | 115.32 | 145.32 | OK | |
| r-devel-linux-x86_64-fedora-gcc | 1.1.1 | 46.00 | 97.90 | 143.90 | OK | |
| r-devel-windows-x86_64 | 1.1.1 | 12.00 | 86.00 | 98.00 | NOTE | |
| r-patched-linux-x86_64 | 1.1.1 | 11.24 | 78.11 | 89.35 | NOTE | |
| r-release-linux-x86_64 | 1.1.1 | 9.09 | 78.75 | 87.84 | NOTE | |
| r-release-macos-arm64 | 1.1.1 | 4.00 | 33.00 | 37.00 | OK | |
| r-release-macos-x86_64 | 1.1.1 | 9.00 | 64.00 | 73.00 | OK | |
| r-release-windows-x86_64 | 1.1.1 | 12.00 | 85.00 | 97.00 | NOTE | |
| r-oldrel-macos-arm64 | 1.1.1 | 5.00 | 36.00 | 41.00 | NOTE | |
| r-oldrel-macos-x86_64 | 1.1.1 | 8.00 | 52.00 | 60.00 | NOTE | |
| r-oldrel-windows-x86_64 | 1.1.1 | 16.00 | 109.00 | 125.00 | NOTE |
Version: 1.1.1
Check: CRAN incoming feasibility
Result: NOTE
Maintainer: ‘Aaron B. Shev <abshev@ucdavis.edu>’
No Authors@R field in DESCRIPTION.
Please add one, modifying
Authors@R: person(given = c("Aaron", "B."),
family = "Shev",
role = c("aut", "cre"),
email = "abshev@ucdavis.edu")
as necessary.
Flavors: r-devel-linux-x86_64-debian-clang, r-devel-linux-x86_64-debian-gcc
Version: 1.1.1
Check: Rd cross-references
Result: NOTE
Found the following Rd file(s) with Rd \link{} targets missing package
anchors:
mice.impute.SuperLearner.Rd: SuperLearner
Please provide package anchors for all Rd \link{} targets not in the
package itself and the base packages.
Flavors: r-devel-linux-x86_64-debian-clang, r-devel-linux-x86_64-debian-gcc, r-devel-windows-x86_64, r-patched-linux-x86_64, r-release-linux-x86_64, r-release-windows-x86_64
Version: 1.1.1
Check: package dependencies
Result: NOTE
Package suggested but not available for checking: ‘extraTrees’
Flavors: r-oldrel-macos-arm64, r-oldrel-macos-x86_64, r-oldrel-windows-x86_64