Last updated on 2025-11-04 07:50:10 CET.
| Flavor | Version | Tinstall | Tcheck | Ttotal | Status | Flags | 
|---|---|---|---|---|---|---|
| r-devel-linux-x86_64-debian-clang | 2.1.8 | 2.35 | 44.71 | 47.06 | NOTE | |
| r-devel-linux-x86_64-debian-gcc | 2.1.8 | 2.01 | 32.38 | 34.39 | NOTE | |
| r-devel-linux-x86_64-fedora-clang | 2.1.8 | 71.48 | NOTE | |||
| r-devel-linux-x86_64-fedora-gcc | 2.1.8 | 11.00 | 76.92 | 87.92 | NOTE | |
| r-devel-windows-x86_64 | 2.1.8 | 5.00 | 65.00 | 70.00 | NOTE | |
| r-patched-linux-x86_64 | 2.1.8 | 3.03 | 42.22 | 45.25 | NOTE | |
| r-release-linux-x86_64 | 2.1.8 | 2.46 | 42.23 | 44.69 | NOTE | |
| r-release-macos-arm64 | 2.1.8 | 2.00 | 30.00 | 32.00 | NOTE | |
| r-release-macos-x86_64 | 2.1.8 | 2.00 | 59.00 | 61.00 | NOTE | |
| r-release-windows-x86_64 | 2.1.8 | 4.00 | 66.00 | 70.00 | NOTE | |
| r-oldrel-macos-arm64 | 2.1.8 | 1.00 | 32.00 | 33.00 | NOTE | |
| r-oldrel-macos-x86_64 | 2.1.8 | 2.00 | 46.00 | 48.00 | NOTE | |
| r-oldrel-windows-x86_64 | 2.1.8 | 7.00 | 77.00 | 84.00 | NOTE | 
Version: 2.1.8
Check: Rd files
Result: NOTE
  checkRd: (-1) sunburst.Rd:30: Lost braces; missing escapes or markup?
      30 | nested d3 JSON hierarchy with `{name:...,  children:[];}`.  \code{csvdata}
         |                                ^
  checkRd: (-1) sunburst.Rd:88: Lost braces; missing escapes or markup?
      88 | \item{jsondata}{\code{deprecated} use data argument instead; data in nested d3 JSON hierarchy with `{name:...,  children:[];}`}
         |                                                                                                     ^
  checkRd: (-1) sund2b.Rd:22: Lost braces; missing escapes or markup?
      22 | nested d3 JSON hierarchy with `{name:...,  children:[];}`.  \code{list}, \code{character},
         |                                ^
Flavors: r-devel-linux-x86_64-debian-clang, r-devel-linux-x86_64-debian-gcc, r-devel-linux-x86_64-fedora-clang, r-devel-linux-x86_64-fedora-gcc, r-devel-windows-x86_64, r-patched-linux-x86_64, r-release-linux-x86_64, r-release-macos-arm64, r-release-macos-x86_64, r-release-windows-x86_64, r-oldrel-macos-arm64, r-oldrel-macos-x86_64, r-oldrel-windows-x86_64