Last updated on 2025-11-04 07:50:10 CET.
| Flavor | Version | Tinstall | Tcheck | Ttotal | Status | Flags | 
|---|---|---|---|---|---|---|
| r-devel-linux-x86_64-debian-clang | 1.0.3 | 5.57 | 86.79 | 92.36 | NOTE | |
| r-devel-linux-x86_64-debian-gcc | 1.0.3 | 4.21 | 61.78 | 65.99 | NOTE | |
| r-devel-linux-x86_64-fedora-clang | 1.0.3 | 12.00 | 127.98 | 139.98 | NOTE | |
| r-devel-linux-x86_64-fedora-gcc | 1.0.3 | 14.00 | 138.42 | 152.42 | NOTE | |
| r-devel-windows-x86_64 | 1.0.3 | 9.00 | 98.00 | 107.00 | NOTE | |
| r-patched-linux-x86_64 | 1.0.3 | 6.44 | 81.78 | 88.22 | NOTE | |
| r-release-linux-x86_64 | 1.0.3 | 4.80 | 81.66 | 86.46 | NOTE | |
| r-release-macos-arm64 | 1.0.3 | 2.00 | 40.00 | 42.00 | NOTE | |
| r-release-macos-x86_64 | 1.0.3 | 4.00 | 72.00 | 76.00 | NOTE | |
| r-release-windows-x86_64 | 1.0.3 | 8.00 | 96.00 | 104.00 | NOTE | |
| r-oldrel-macos-arm64 | 1.0.3 | 2.00 | 42.00 | 44.00 | OK | |
| r-oldrel-macos-x86_64 | 1.0.3 | 4.00 | 72.00 | 76.00 | OK | |
| r-oldrel-windows-x86_64 | 1.0.3 | 10.00 | 122.00 | 132.00 | OK | 
Version: 1.0.3
Check: DESCRIPTION meta-information
Result: NOTE
    Missing dependency on R >= 4.1.0 because package code uses the pipe
    |> or function shorthand \(...) syntax added in R 4.1.0.
    File(s) using such syntax:
      ‘geom_glyph_ribbon.R’ ‘geom_glyph_ribbon.Rd’ ‘geom_glyph_segment.Rd’
      ‘theme_glyph.Rd’
Flavors: r-devel-linux-x86_64-debian-clang, r-devel-linux-x86_64-debian-gcc, r-devel-linux-x86_64-fedora-clang, r-devel-linux-x86_64-fedora-gcc, r-devel-windows-x86_64, r-patched-linux-x86_64, r-release-linux-x86_64, r-release-macos-arm64, r-release-macos-x86_64, r-release-windows-x86_64