Last updated on 2025-02-22 12:50:53 CET.
Flavor | Version | Tinstall | Tcheck | Ttotal | Status | Flags |
---|---|---|---|---|---|---|
r-devel-linux-x86_64-debian-clang | 1.1.6 | 90.91 | 50.10 | 141.01 | NOTE | |
r-devel-linux-x86_64-debian-gcc | 1.1.6 | 70.34 | 35.72 | 106.06 | NOTE | |
r-devel-linux-x86_64-fedora-clang | 1.1.6 | 254.67 | NOTE | |||
r-devel-linux-x86_64-fedora-gcc | 1.1.6 | 264.57 | NOTE | |||
r-devel-macos-arm64 | 1.1.6 | 67.00 | OK | |||
r-devel-macos-x86_64 | 1.1.6 | 155.00 | OK | |||
r-devel-windows-x86_64 | 1.1.6 | 93.00 | 94.00 | 187.00 | NOTE | |
r-patched-linux-x86_64 | 1.1.6 | 99.71 | 46.24 | 145.95 | OK | |
r-release-linux-x86_64 | 1.1.6 | 99.28 | 48.77 | 148.05 | OK | |
r-release-macos-arm64 | 1.1.6 | 66.00 | NOTE | |||
r-release-macos-x86_64 | 1.1.6 | 124.00 | NOTE | |||
r-release-windows-x86_64 | 1.1.6 | 94.00 | 88.00 | 182.00 | NOTE | |
r-oldrel-macos-arm64 | 1.1.6 | 91.00 | NOTE | |||
r-oldrel-macos-x86_64 | 1.1.6 | 133.00 | NOTE | |||
r-oldrel-windows-x86_64 | 1.1.6 | 116.00 | 108.00 | 224.00 | NOTE |
Version: 1.1.6
Check: top-level files
Result: NOTE
possible bashism in configure.ac line 35 (should be 'b = a'):
if test x"${RSysinfoName}" == x"Darwin"; then
possible bashism in configure.ac line 46 (should be 'b = a'):
if test x"${hasOpenMP}" == x""; then
Flavors: r-devel-linux-x86_64-debian-clang, r-devel-linux-x86_64-debian-gcc, r-devel-linux-x86_64-fedora-clang, r-devel-linux-x86_64-fedora-gcc
Version: 1.1.6
Check: C++ specification
Result: NOTE
Specified C++14: please drop specification unless essential
Flavors: r-devel-windows-x86_64, r-release-windows-x86_64, r-oldrel-windows-x86_64
Version: 1.1.6
Check: installed package size
Result: NOTE
installed size is 10.1Mb
sub-directories of 1Mb or more:
libs 8.8Mb
Flavors: r-release-macos-arm64, r-release-macos-x86_64, r-oldrel-macos-arm64, r-oldrel-macos-x86_64