Last updated on 2025-02-21 13:51:04 CET.
Flavor | Version | Tinstall | Tcheck | Ttotal | Status | Flags |
---|---|---|---|---|---|---|
r-devel-linux-x86_64-debian-clang | 0.4.0 | 9.32 | 77.42 | 86.74 | NOTE | |
r-devel-linux-x86_64-debian-gcc | 0.4.0 | 6.03 | 58.33 | 64.36 | NOTE | |
r-devel-linux-x86_64-fedora-clang | 0.4.0 | 146.41 | OK | |||
r-devel-linux-x86_64-fedora-gcc | 0.4.0 | 133.57 | OK | |||
r-devel-macos-arm64 | 0.4.0 | 48.00 | OK | |||
r-devel-macos-x86_64 | 0.4.0 | 123.00 | OK | |||
r-devel-windows-x86_64 | 0.4.0 | 9.00 | 97.00 | 106.00 | NOTE | |
r-patched-linux-x86_64 | 0.4.0 | 16.52 | 73.93 | 90.45 | OK | |
r-release-linux-x86_64 | 0.4.0 | 7.80 | 73.41 | 81.21 | OK | |
r-release-macos-arm64 | 0.4.0 | 44.00 | OK | |||
r-release-macos-x86_64 | 0.4.0 | 97.00 | OK | |||
r-release-windows-x86_64 | 0.4.0 | 9.00 | 97.00 | 106.00 | OK | |
r-oldrel-macos-arm64 | 0.4.0 | 48.00 | OK | |||
r-oldrel-macos-x86_64 | 0.4.0 | 115.00 | OK | |||
r-oldrel-windows-x86_64 | 0.4.0 | 14.00 | 108.00 | 122.00 | OK |
Version: 0.4.0
Check: Rd cross-references
Result: NOTE
Found the following Rd file(s) with Rd \link{} targets missing package
anchors:
STLK.Rd: Kest
STLg.Rd: pcf
as.lpp.stlpp.Rd: as.lpp, lpp
as.stlpp.Rd: ppp, lpp, linnet
as.tpp.stlpp.Rd: lpp, as.lpp
density.stlpp.Rd: density.lpp, densityQuick.lpp, bw.scott.iso
densityVoronoi.stlpp.Rd: densityVoronoi.lpp
densityVoronoi.tpp.Rd: densityVoronoi.lpp
methods.stlpp.Rd: as.linim
rpoistlpp.Rd: ppp
rthin.stlpp.Rd: rthin
stlpp.Rd: as.ppp, lpp, linnet
Please provide package anchors for all Rd \link{} targets not in the
package itself and the base packages.
Flavors: r-devel-linux-x86_64-debian-clang, r-devel-linux-x86_64-debian-gcc, r-devel-windows-x86_64