Last updated on 2025-11-04 07:50:10 CET.
| Flavor | Version | Tinstall | Tcheck | Ttotal | Status | Flags | 
|---|---|---|---|---|---|---|
| r-devel-linux-x86_64-debian-clang | 1.0.3 | 61.65 | 201.91 | 263.56 | OK | |
| r-devel-linux-x86_64-debian-gcc | 1.0.3 | 43.93 | 144.53 | 188.46 | OK | |
| r-devel-linux-x86_64-fedora-clang | 1.0.3 | 137.00 | 286.71 | 423.71 | OK | |
| r-devel-linux-x86_64-fedora-gcc | 1.0.3 | 74.00 | 340.22 | 414.22 | OK | |
| r-devel-windows-x86_64 | 1.0.3 | 78.00 | 211.00 | 289.00 | OK | |
| r-patched-linux-x86_64 | 1.0.3 | 59.27 | 203.20 | 262.47 | OK | |
| r-release-linux-x86_64 | 1.0.3 | 64.04 | 194.43 | 258.47 | OK | |
| r-release-macos-arm64 | 1.0.3 | 23.00 | 113.00 | 136.00 | OK | |
| r-release-macos-x86_64 | 1.0.3 | 29.00 | 229.00 | 258.00 | OK | |
| r-release-windows-x86_64 | 1.0.3 | 72.00 | 209.00 | 281.00 | OK | |
| r-oldrel-macos-arm64 | 1.0.3 | 24.00 | 145.00 | 169.00 | NOTE | |
| r-oldrel-macos-x86_64 | 1.0.3 | 35.00 | 212.00 | 247.00 | NOTE | |
| r-oldrel-windows-x86_64 | 1.0.3 | 87.00 | 299.00 | 386.00 | OK | 
Version: 1.0.3
Check: installed package size
Result: NOTE
    installed size is  7.5Mb
    sub-directories of 1Mb or more:
      libs   6.5Mb
Flavors: r-oldrel-macos-arm64, r-oldrel-macos-x86_64