Last updated on 2025-11-04 07:50:10 CET.
| Flavor | Version | Tinstall | Tcheck | Ttotal | Status | Flags | 
|---|---|---|---|---|---|---|
| r-devel-linux-x86_64-debian-clang | 5.2.3 | 10.70 | 53.32 | 64.02 | NOTE | |
| r-devel-linux-x86_64-debian-gcc | 5.2.3 | 6.80 | 37.22 | 44.02 | NOTE | |
| r-devel-linux-x86_64-fedora-clang | 5.2.3 | 23.00 | 76.48 | 99.48 | NOTE | |
| r-devel-linux-x86_64-fedora-gcc | 5.2.3 | 25.00 | 81.43 | 106.43 | NOTE | |
| r-devel-windows-x86_64 | 5.2.3 | 10.00 | 71.00 | 81.00 | NOTE | |
| r-patched-linux-x86_64 | 5.2.3 | 11.10 | 50.95 | 62.05 | NOTE | |
| r-release-linux-x86_64 | 5.2.3 | 8.98 | 49.82 | 58.80 | NOTE | |
| r-release-macos-arm64 | 5.2.3 | 5.00 | 28.00 | 33.00 | NOTE | |
| r-release-macos-x86_64 | 5.2.3 | 11.00 | 56.00 | 67.00 | NOTE | |
| r-release-windows-x86_64 | 5.2.3 | 11.00 | 69.00 | 80.00 | NOTE | |
| r-oldrel-macos-arm64 | 5.2.3 | 5.00 | 25.00 | 30.00 | NOTE | |
| r-oldrel-macos-x86_64 | 5.2.3 | 7.00 | 51.00 | 58.00 | NOTE | |
| r-oldrel-windows-x86_64 | 5.2.3 | 11.00 | 72.00 | 83.00 | NOTE | 
Version: 5.2.3
Check: CRAN incoming feasibility
Result: NOTE
  Maintainer: ‘Marek Hlavac <marek.hlavac@gmail.com>’
  
  No Authors@R field in DESCRIPTION.
  Please add one, modifying
    Authors@R: person(given = "Marek",
                      family = "Hlavac",
                      role = c("aut", "cre"),
                      email = "marek.hlavac@gmail.com")
  as necessary.
  
  Package CITATION file contains call(s) to old-style citEntry().  Please
  use bibentry() instead.
Flavors: r-devel-linux-x86_64-debian-clang, r-devel-linux-x86_64-debian-gcc
Version: 5.2.3
Check: Rd files
Result: NOTE
  checkRd: (-1) stargazer.Rd:229: Lost braces
     229 |   \item{report}{a character string containing only elements of {\code{"v"}, \code{"c"}, \code{"s"},\code{"t"}, \code{"p"}, \code{"*"}} that determines whether, and in which order, variable names (\code{"v"}), coefficients (\code{"c"}), standard errors/confidence intervals (\code{"s"}), test statistics (\code{"t"}) and p-values (\code{"p"}) should be reported in regression tables. If one of the aforementioned letters is followed by an asterisk (\code{"*"}), significance stars will be reported next to the corresponding statistic.}
         |                                                                ^
  checkRd: (-1) stargazer.Rd:246: Lost braces
     246 |   \item{table.placement}{a character string containing only elements of {\code{"h"}, \code{"t"},\code{"b"}, \code{"p"}, \code{"!"}, \code{"H"}} that determines the table placement in its LaTeX floating environment.}
         |                                                                         ^
Flavors: r-devel-linux-x86_64-debian-clang, r-devel-linux-x86_64-debian-gcc, r-devel-linux-x86_64-fedora-clang, r-devel-linux-x86_64-fedora-gcc, r-devel-windows-x86_64, r-patched-linux-x86_64, r-release-linux-x86_64, r-release-macos-arm64, r-release-macos-x86_64, r-release-windows-x86_64, r-oldrel-macos-arm64, r-oldrel-macos-x86_64, r-oldrel-windows-x86_64