CRAN Package Check Results for Package stabiliser

Last updated on 2025-06-30 15:49:52 CEST.

Flavor Version Tinstall Tcheck Ttotal Status Flags
r-devel-linux-x86_64-debian-clang 1.0.6 20.73 330.76 351.49 OK
r-devel-linux-x86_64-debian-gcc 1.0.6 13.02 221.07 234.09 OK
r-devel-linux-x86_64-fedora-clang 1.0.6 526.44 NOTE
r-devel-linux-x86_64-fedora-gcc 1.0.6 522.37 NOTE
r-devel-windows-x86_64 1.0.6 21.00 283.00 304.00 OK
r-patched-linux-x86_64 OK
r-release-linux-x86_64 1.0.6 17.63 315.45 333.08 OK
r-release-macos-arm64 1.0.6 144.00 OK
r-release-macos-x86_64 1.0.6 335.00 OK
r-release-windows-x86_64 1.0.6 19.00 281.00 300.00 OK
r-oldrel-macos-arm64 1.0.6 121.00 OK
r-oldrel-macos-x86_64 1.0.6 207.00 OK
r-oldrel-windows-x86_64 1.0.6 28.00 394.00 422.00 OK

Check Details

Version: 1.0.6
Check: dependencies in R code
Result: NOTE Namespace in Imports field not imported from: ‘knitr’ All declared Imports should be used. Flavors: r-devel-linux-x86_64-fedora-clang, r-devel-linux-x86_64-fedora-gcc