Last updated on 2025-06-30 15:49:52 CEST.
Flavor | Version | Tinstall | Tcheck | Ttotal | Status | Flags |
---|---|---|---|---|---|---|
r-devel-linux-x86_64-debian-clang | 0.2.0 | 7.16 | 59.15 | 66.31 | NOTE | |
r-devel-linux-x86_64-debian-gcc | 0.2.0 | 5.03 | 45.51 | 50.54 | NOTE | |
r-devel-linux-x86_64-fedora-clang | 0.2.0 | 99.20 | OK | |||
r-devel-linux-x86_64-fedora-gcc | 0.2.0 | 92.40 | OK | |||
r-devel-windows-x86_64 | 0.2.0 | 9.00 | 69.00 | 78.00 | OK | |
r-patched-linux-x86_64 | OK | |||||
r-release-linux-x86_64 | 0.2.0 | 7.01 | 56.33 | 63.34 | OK | |
r-release-macos-arm64 | 0.2.0 | 36.00 | OK | |||
r-release-macos-x86_64 | 0.2.0 | 63.00 | OK | |||
r-release-windows-x86_64 | 0.2.0 | 8.00 | 71.00 | 79.00 | OK | |
r-oldrel-macos-arm64 | 0.2.0 | 30.00 | OK | |||
r-oldrel-macos-x86_64 | 0.2.0 | 46.00 | OK | |||
r-oldrel-windows-x86_64 | 0.2.0 | 10.00 | 85.00 | 95.00 | OK |
Version: 0.2.0
Check: CRAN incoming feasibility
Result: NOTE
Maintainer: ‘Luis Benites <lbenitesanchez@gmail.com>’
No Authors@R field in DESCRIPTION.
Please add one, modifying
Authors@R: c(person(given = "Rocio",
family = "Maehara",
role = "aut"),
person(given = "Luis",
family = "Benites",
role = c("aut", "cre"),
email = "lbenitesanchez@gmail.com"))
as necessary.
Flavors: r-devel-linux-x86_64-debian-clang, r-devel-linux-x86_64-debian-gcc