Last updated on 2025-06-30 15:49:52 CEST.
Flavor | Version | Tinstall | Tcheck | Ttotal | Status | Flags |
---|---|---|---|---|---|---|
r-devel-linux-x86_64-debian-clang | 1.1-1 | 7.89 | 70.00 | 77.89 | NOTE | |
r-devel-linux-x86_64-debian-gcc | 1.1-1 | 5.69 | 52.01 | 57.70 | NOTE | |
r-devel-linux-x86_64-fedora-clang | 1.1-1 | 118.56 | OK | |||
r-devel-linux-x86_64-fedora-gcc | 1.1-1 | 113.31 | OK | |||
r-devel-windows-x86_64 | 1.1-1 | 9.00 | 81.00 | 90.00 | OK | |
r-patched-linux-x86_64 | OK | |||||
r-release-linux-x86_64 | 1.1-1 | 6.87 | 66.60 | 73.47 | OK | |
r-release-macos-arm64 | 1.1-1 | 40.00 | OK | |||
r-release-macos-x86_64 | 1.1-1 | 73.00 | OK | |||
r-release-windows-x86_64 | 1.1-1 | 9.00 | 82.00 | 91.00 | OK | |
r-oldrel-macos-arm64 | 1.1-1 | 37.00 | OK | |||
r-oldrel-macos-x86_64 | 1.1-1 | 54.00 | OK | |||
r-oldrel-windows-x86_64 | 1.1-1 | 11.00 | 99.00 | 110.00 | OK |
Version: 1.1-1
Check: CRAN incoming feasibility
Result: NOTE
Maintainer: ‘Mirrelijn M. van Nee <m.vannee@amsterdamumc.nl>’
The Description field contains
Nee et al. (2021) <arXiv:2101.03875>.
Please refer to arXiv e-prints via their arXiv DOI <doi:10.48550/arXiv.YYMM.NNNNN>.
Flavors: r-devel-linux-x86_64-debian-clang, r-devel-linux-x86_64-debian-gcc